{"id":44261,"date":"2026-04-09T09:48:52","date_gmt":"2026-04-09T07:48:52","guid":{"rendered":"https:\/\/www.digitalcameraschool.it\/home\/?post_type=product&#038;p=44261"},"modified":"2026-04-09T09:53:32","modified_gmt":"2026-04-09T07:53:32","slug":"roma-by-night-1","status":"publish","type":"product","link":"https:\/\/www.digitalcameraschool.it\/home\/prodotto\/roma-by-night-1\/","title":{"rendered":"ROMA by Night dalla notte all&#8217;alba sabato 19 settembre"},"content":{"rendered":"<div class=\"o9v6fnle cxmmr5t8 oygrvhab hcukyx3x c1et5uql\">\n<p>Roma la citt\u00e0 eterna \u00e8 sicuramente una delle citt\u00e0 pi\u00f9 belle del mondo \u00e8 da innumerevoli spunti fotografici e un luogo denso di storia. Sar\u00e0 un full-immersion fotografico che partir\u00e0 il pomeriggio del sabato. Roma \u00e8 bella e molto molto visitata e spesso l\u2019eccesso di turisti limita lo spazio fotografico. Per questo motivo faremo una sessione fotografica notturna che ci permetter\u00e0 di immortalarla nel suo silenzio e quasi priva di presenza umana.<\/p>\n<p><strong>\u2705 PRE-REQUISITI\u00a0<\/strong><\/p>\n<p>L\u2019uscita \u00e8 aperta a tutti e si riesce ad apprezzare al meglio se si possiede almeno la conoscenza base di ISO-TEMPI-DIAFRAMMI. Aperto a tutti le tipologie di Brand di fotocamere<\/p>\n<hr \/>\n<p><strong>\u2705 COSA VEDREMO<\/strong><\/p>\n<div class=\"o9v6fnle cxmmr5t8 oygrvhab hcukyx3x c1et5uql\">Gestione della fotocamera<br \/>\nStudio della luce e dell\u2019esposizione<\/div>\n<div class=\"o9v6fnle cxmmr5t8 oygrvhab hcukyx3x c1et5uql\">\u2013 I pro e i contro dei vari formati del sensore (FF, APSC, micro 4:3,\u2026)<\/div>\n<div class=\"o9v6fnle cxmmr5t8 oygrvhab hcukyx3x c1et5uql\">\u2013 La scelta delle ottiche<\/div>\n<div class=\"o9v6fnle cxmmr5t8 oygrvhab hcukyx3x c1et5uql\">\u2013 Tecniche e regole di composizione<\/div>\n<div class=\"o9v6fnle cxmmr5t8 oygrvhab hcukyx3x c1et5uql\">\u2013 Analisi della prospettiva e punti di ripresa<\/div>\n<div class=\"o9v6fnle cxmmr5t8 oygrvhab hcukyx3x c1et5uql\">\u2013 Fotografare i dettagli del paesaggio<\/div>\n<div class=\"o9v6fnle cxmmr5t8 oygrvhab hcukyx3x c1et5uql\">\u2013 Composizione del colore e delle linee<\/div>\n<div class=\"o9v6fnle cxmmr5t8 oygrvhab hcukyx3x c1et5uql\">\u2013 Geometrie, linee cadenti e controllo della distorsione<\/div>\n<div class=\"o9v6fnle cxmmr5t8 oygrvhab hcukyx3x c1et5uql\">\u2013 Regolazioni di messa a fuoco e gestione degli ISO<\/div>\n<div class=\"o9v6fnle cxmmr5t8 oygrvhab hcukyx3x c1et5uql\">\u2013 Utilizzo dei filtri a densit\u00e0 neutra, polarizzatori e digradanti<\/div>\n<div class=\"o9v6fnle cxmmr5t8 oygrvhab hcukyx3x c1et5uql\">\u2013 Doppie esposizioni, HDR e metodi di fusione del RAW<\/div>\n<div class=\"o9v6fnle cxmmr5t8 oygrvhab hcukyx3x c1et5uql\">\u2013 L\u2019importanza dell\u2019iperfocale nella fotografi a paesaggistica<\/div>\n<div class=\"o9v6fnle cxmmr5t8 oygrvhab hcukyx3x c1et5uql\">\u2013 La tecnica del focus stacking per ottimizzare la profondit\u00e0 di campo e la nitidezza<\/div>\n<div class=\"o9v6fnle cxmmr5t8 oygrvhab hcukyx3x c1et5uql\">\u2013 Il paesaggio al tramonto, all\u2019ora d\u2019oro e all\u2019ora blu<\/div>\n<div class=\"o9v6fnle cxmmr5t8 oygrvhab hcukyx3x c1et5uql\">\u2013 Fotografi a notturna<b>\u00a0<\/b><\/div>\n<\/div>\n<div><\/div>\n<div class=\"o9v6fnle cxmmr5t8 oygrvhab hcukyx3x c1et5uql\">\n<hr \/>\n<p><strong>\u2705 PROGRAMMA INDICATIVO<\/strong><\/p>\n<div class=\"o9v6fnle cxmmr5t8 oygrvhab hcukyx3x c1et5uql\">\n<div class=\"o9v6fnle cxmmr5t8 oygrvhab hcukyx3x c1et5uql\"><strong>Sabato\u00a0<\/strong><\/div>\n<div class=\"o9v6fnle cxmmr5t8 oygrvhab hcukyx3x c1et5uql\">23:00 ritrovo davanti alla fermata della metropolitana del Colosseo<\/div>\n<div>23:15 inizio briefing<\/div>\n<div>23:40 inizio sessione fotografica e tour per la citt\u00e0<\/div>\n<div>o6:40 Alba al Colosseo<\/div>\n<div>8:00 termine lavori<\/div>\n<\/div>\n<\/div>\n<div><\/div>\n<div>\n<div><strong>VEDREMO:<\/strong><\/div>\n<div>Piazza di Spagna<br \/>\nCastel Sant\u2019Angelo<br \/>\nColosseo<br \/>\nFori<br \/>\nPiazza Venezia<\/div>\n<\/div>\n<div><\/div>\n<div>NOTE:<\/div>\n<div>Ci sar\u00e0 molto da camminare e quindi consigliamo scarpe comode e un minimo di spirito di adattamento<\/div>\n<div class=\"o9v6fnle cxmmr5t8 oygrvhab hcukyx3x c1et5uql\">\n<hr \/>\n<p><strong>\u2705 ABBIGLIAMENTO<\/strong><\/p>\n<p>Consigliamo un abbigliamento adatto alla stagione e scarpe comode si camminer\u00e0 tanto<\/p>\n<hr \/>\n<p><strong>\u2705 ATTREZZATURA UTILE<\/strong><\/p>\n<p>Fotocamera con batterie cariche e schede di memoria libere<br \/>\nTreppiedi<br \/>\nTelecomando in remoto (non indispensabile)<br \/>\nFiltri fotografici (ND, GND, CPL)<\/p>\n<\/div>\n<hr \/>\n<p><strong>\u2705 DOCENTE<\/strong><\/p>\n<p>Marco Viviani<\/p>\n<hr \/>\n<p>\u2705 <strong>NUMERO MIN-MAX DI PARTECIPANTI<\/strong><\/p>\n<p>MINIMO 06 PERSONE<\/p>\n<p>MAX 12 PERSONE<\/p>\n<div>\n<hr \/>\n<\/div>\n<div><strong>\u2705 PREZZO\u00a0<\/strong><\/div>\n<div><\/div>\n<div>PREZZO PROMO &#8211; 20% LAST MINUTE<\/div>\n<div>\n<div>\n<div><\/div>\n<\/div>\n<div>\n<div>Prezzo del corso: 80 Euro a persona<\/div>\n<div>oppure 50,00 con la nostra Educationcal card<\/div>\n<div><\/div>\n<\/div>\n<div>invece di:<\/div>\n<\/div>\n<div>\n<div><\/div>\n<\/div>\n<div>\n<div>Prezzo del corso: 100 Euro a persona<\/div>\n<div>oppure 70,00 con la nostra Educationcal card<\/div>\n<\/div>\n<div><\/div>\n<div><strong>\u2705 COSA E\u2019 COMPRESO NEL\u00a0 PREZZO<\/strong><\/div>\n<div>&#8211; Workshop<\/div>\n<div>&#8211; Gruppo chiuso facebook per coordinarci per le partenze unire le auto<\/div>\n<div>&#8211; Codice sconto acquisti ILFotoamatore<\/div>\n<div>&#8211; Video di supporto sulla post-produzione<\/div>\n<div>&#8211; Video relativo alla post-produzione per Lightroom e Camera Raw<br \/>\n&#8211; Video montaggio Bracketing \u2013 HDR<br \/>\n&#8211; Video riduzione rumore in camera raw<br \/>\n&#8211; Video di come assemblare un Focus Staking con Photoshop, Helicon Focus, Affinity<br \/>\n&#8211; Video di come togliere le dominanti<br \/>\n&#8211; Video di come aumentare la nitidezza<br \/>\n&#8211; Video di come creare un bianco e Nero<br \/>\n&#8211; Dispense digitali interattive che riceverai al momento del saldo della quota tramite mail.<br \/>\n&#8211; Sconto del 5% sull\u2019acquisto di Filtri NISI<br \/>\n&#8211; Sconto del 20% sull\u2019acquisto del software Helicon Focus<\/div>\n<div><\/div>\n<div><\/div>\n<div><strong>\u2705 COSA E\u2019 ESCLUSO DAL PREZZO<\/strong><br \/>\n\u2013 Trasporto<\/div>\n<div>&#8211;\u00a0 Biglietti della metropolitana<\/div>\n<div>\u2013 Cibi e Bevande<br \/>\n\u2013 Tutto quello non specificato in compreso<\/div>\n<div>\n<hr \/>\n<\/div>\n<div>\n<h3 class=\"\" data-start=\"137\" data-end=\"185\"><strong>\u2705\u00a0 <\/strong>Condizioni di Vendita \u2013 Workshop Fotografici<\/h3>\n<p class=\"\" data-start=\"187\" data-end=\"780\"><strong data-start=\"187\" data-end=\"210\">Disdette e rimborsi<\/strong><br data-start=\"210\" data-end=\"213\" \/>\u2013 \u00c8 possibile richiedere un <strong data-start=\"241\" data-end=\"279\">rimborso o un buono di pari valore<\/strong> se la disdetta viene comunicata <strong data-start=\"312\" data-end=\"337\">almeno 5 giorni prima<\/strong> dell\u2019inizio del workshop.<br data-start=\"363\" data-end=\"366\" \/>\u2013 In caso di disdetta <strong data-start=\"388\" data-end=\"418\">entro le 24 ore precedenti<\/strong> al workshop, sar\u00e0 possibile ricevere un <strong data-start=\"459\" data-end=\"483\">buono di pari valore<\/strong> da utilizzare per un altro corso o evento.<br data-start=\"526\" data-end=\"529\" \/>\u2013 In caso di <strong data-start=\"542\" data-end=\"594\">mancata comunicazione o disdetta oltre le 24 ore<\/strong>, l\u2019organizzazione si riserva la facolt\u00e0 di <strong data-start=\"638\" data-end=\"664\">valutare caso per caso<\/strong> se rilasciare un buono oppure <strong data-start=\"695\" data-end=\"726\">trattenere la quota versata<\/strong>, in base all\u2019organizzazione e ai costi gi\u00e0 sostenuti.<\/p>\n<p class=\"\" data-start=\"782\" data-end=\"1103\"><strong data-start=\"782\" data-end=\"830\">Svolgimento del workshop in caso di maltempo<\/strong><br data-start=\"830\" data-end=\"833\" \/>I workshop si svolgono <strong data-start=\"856\" data-end=\"889\">in qualsiasi condizione meteo<\/strong>: anche la pioggia, la nebbia o il cielo coperto offrono spunti creativi e didattici interessanti. In base alle condizioni del momento, <strong data-start=\"1025\" data-end=\"1056\">la didattica verr\u00e0 adattata<\/strong> all\u2019ambiente, trovando sempre idee stimolanti.<\/p>\n<p class=\"\" data-start=\"1105\" data-end=\"1528\">L\u2019organizzazione si impegna a <strong data-start=\"1135\" data-end=\"1169\">monitorare le previsioni meteo<\/strong> nei giorni precedenti l\u2019evento. Nel caso in cui le condizioni risultino realmente proibitive o potenzialmente pericolose, si riserva la possibilit\u00e0 di <strong data-start=\"1321\" data-end=\"1346\">rimandare il workshop<\/strong>. In tal caso, il partecipante potr\u00e0 scegliere se ricevere <strong data-start=\"1405\" data-end=\"1429\">un rimborso completo<\/strong>, un <strong data-start=\"1434\" data-end=\"1458\">buono di pari valore<\/strong>, oppure <strong data-start=\"1467\" data-end=\"1527\">confermare la propria presenza nella nuova data proposta<\/strong>.<\/p>\n<\/div>\n<div>\n<hr \/>\n<p><strong>\u2705 PER INFORMAZIONE<\/strong><\/p>\n<p>Marco Lecchi 393 9242473 &#8211; marco@digitalcameraschool.it<\/p>\n<\/div>\n<p>&nbsp;<\/p>\n","protected":false},"excerpt":{"rendered":"<p style=\"text-align: justify;\">Roma la citt\u00e0 eterna \u00e8 sicuramente una delle citt\u00e0 pi\u00f9 belle del mondo \u00e8 da innumerevoli spunti fotografici e un luogo denso di storia. Sar\u00e0 un full-immersion fotografico che partir\u00e0 la notte del sabato. Roma \u00e8 bella e molto molto visitata e spesso l\u2019eccesso di turisti limita lo spazio fotografico. Per questo motivo faremo la sessione fotografica notturna fino all&#8217;alba che ci permetter\u00e0 di immortalarla nel suo silenzio e quasi priva di presenza umana.<\/p>\n<div style=\"text-align: justify;\"><\/div>\n","protected":false},"featured_media":44262,"template":"","meta":{"pmpro_default_level":""},"product_brand":[],"product_cat":[167,110],"product_tag":[],"class_list":{"0":"post-44261","1":"product","2":"type-product","3":"status-publish","4":"has-post-thumbnail","6":"product_cat-corsi","7":"product_cat-workshop","8":"pmpro-has-access","10":"first","11":"instock","12":"virtual","13":"taxable","14":"purchasable","15":"product-type-simple"},"acf":[],"yoast_head":"<!-- This site is optimized with the Yoast SEO plugin v27.3 - https:\/\/yoast.com\/product\/yoast-seo-wordpress\/ -->\n<title>ROMA by Night dalla notte all&#039;alba sabato 19 settembre - Digital Camera School - Corsi di fotografia<\/title>\n<meta name=\"robots\" content=\"index, follow, max-snippet:-1, max-image-preview:large, max-video-preview:-1\" \/>\n<link rel=\"canonical\" href=\"https:\/\/www.digitalcameraschool.it\/home\/prodotto\/roma-by-night-1\/\" \/>\n<meta property=\"og:locale\" content=\"it_IT\" \/>\n<meta property=\"og:type\" content=\"article\" \/>\n<meta property=\"og:title\" content=\"ROMA by Night dalla notte all&#039;alba sabato 19 settembre - Digital Camera School - Corsi di fotografia\" \/>\n<meta property=\"og:description\" content=\"Roma la citt\u00e0 eterna \u00e8 sicuramente una delle citt\u00e0 pi\u00f9 belle del mondo \u00e8 da innumerevoli spunti fotografici e un luogo denso di storia. Sar\u00e0 un full-immersion fotografico che partir\u00e0 la notte del sabato. Roma \u00e8 bella e molto molto visitata e spesso l\u2019eccesso di turisti limita lo spazio fotografico. Per questo motivo faremo la sessione fotografica notturna fino all&#039;alba che ci permetter\u00e0 di immortalarla nel suo silenzio e quasi priva di presenza umana.\" \/>\n<meta property=\"og:url\" content=\"https:\/\/www.digitalcameraschool.it\/home\/prodotto\/roma-by-night-1\/\" \/>\n<meta property=\"og:site_name\" content=\"Digital Camera School - Corsi di fotografia\" \/>\n<meta property=\"article:publisher\" content=\"https:\/\/www.facebook.com\/digitalcameraschool\" \/>\n<meta property=\"article:modified_time\" content=\"2026-04-09T07:53:32+00:00\" \/>\n<meta property=\"og:image\" content=\"https:\/\/www.digitalcameraschool.it\/home\/wp-content\/uploads\/2026\/04\/roma-night.jpg\" \/>\n\t<meta property=\"og:image:width\" content=\"1800\" \/>\n\t<meta property=\"og:image:height\" content=\"1800\" \/>\n\t<meta property=\"og:image:type\" content=\"image\/jpeg\" \/>\n<meta name=\"twitter:card\" content=\"summary_large_image\" \/>\n<meta name=\"twitter:label1\" content=\"Tempo di lettura stimato\" \/>\n\t<meta name=\"twitter:data1\" content=\"4 minuti\" \/>\n<script type=\"application\/ld+json\" class=\"yoast-schema-graph\">{\"@context\":\"https:\\\/\\\/schema.org\",\"@graph\":[{\"@type\":\"WebPage\",\"@id\":\"https:\\\/\\\/www.digitalcameraschool.it\\\/home\\\/prodotto\\\/roma-by-night-1\\\/\",\"url\":\"https:\\\/\\\/www.digitalcameraschool.it\\\/home\\\/prodotto\\\/roma-by-night-1\\\/\",\"name\":\"ROMA by Night dalla notte all'alba sabato 19 settembre - Digital Camera School - Corsi di fotografia\",\"isPartOf\":{\"@id\":\"https:\\\/\\\/www.digitalcameraschool.it\\\/home\\\/#website\"},\"primaryImageOfPage\":{\"@id\":\"https:\\\/\\\/www.digitalcameraschool.it\\\/home\\\/prodotto\\\/roma-by-night-1\\\/#primaryimage\"},\"image\":{\"@id\":\"https:\\\/\\\/www.digitalcameraschool.it\\\/home\\\/prodotto\\\/roma-by-night-1\\\/#primaryimage\"},\"thumbnailUrl\":\"https:\\\/\\\/www.digitalcameraschool.it\\\/home\\\/wp-content\\\/uploads\\\/2026\\\/04\\\/roma-night.jpg\",\"datePublished\":\"2026-04-09T07:48:52+00:00\",\"dateModified\":\"2026-04-09T07:53:32+00:00\",\"breadcrumb\":{\"@id\":\"https:\\\/\\\/www.digitalcameraschool.it\\\/home\\\/prodotto\\\/roma-by-night-1\\\/#breadcrumb\"},\"inLanguage\":\"it-IT\",\"potentialAction\":[{\"@type\":\"ReadAction\",\"target\":[\"https:\\\/\\\/www.digitalcameraschool.it\\\/home\\\/prodotto\\\/roma-by-night-1\\\/\"]}]},{\"@type\":\"ImageObject\",\"inLanguage\":\"it-IT\",\"@id\":\"https:\\\/\\\/www.digitalcameraschool.it\\\/home\\\/prodotto\\\/roma-by-night-1\\\/#primaryimage\",\"url\":\"https:\\\/\\\/www.digitalcameraschool.it\\\/home\\\/wp-content\\\/uploads\\\/2026\\\/04\\\/roma-night.jpg\",\"contentUrl\":\"https:\\\/\\\/www.digitalcameraschool.it\\\/home\\\/wp-content\\\/uploads\\\/2026\\\/04\\\/roma-night.jpg\",\"width\":1800,\"height\":1800},{\"@type\":\"BreadcrumbList\",\"@id\":\"https:\\\/\\\/www.digitalcameraschool.it\\\/home\\\/prodotto\\\/roma-by-night-1\\\/#breadcrumb\",\"itemListElement\":[{\"@type\":\"ListItem\",\"position\":1,\"name\":\"Home\",\"item\":\"https:\\\/\\\/www.digitalcameraschool.it\\\/home\\\/\"},{\"@type\":\"ListItem\",\"position\":2,\"name\":\"Shop\",\"item\":\"https:\\\/\\\/www.digitalcameraschool.it\\\/home\\\/shop\\\/\"},{\"@type\":\"ListItem\",\"position\":3,\"name\":\"ROMA by Night dalla notte all&#8217;alba sabato 19 settembre\"}]},{\"@type\":\"WebSite\",\"@id\":\"https:\\\/\\\/www.digitalcameraschool.it\\\/home\\\/#website\",\"url\":\"https:\\\/\\\/www.digitalcameraschool.it\\\/home\\\/\",\"name\":\"Digital Camera School - Corsi di fotografia\",\"description\":\"Corsi, workshop, viaggi e molto altro!\",\"publisher\":{\"@id\":\"https:\\\/\\\/www.digitalcameraschool.it\\\/home\\\/#organization\"},\"potentialAction\":[{\"@type\":\"SearchAction\",\"target\":{\"@type\":\"EntryPoint\",\"urlTemplate\":\"https:\\\/\\\/www.digitalcameraschool.it\\\/home\\\/?s={search_term_string}\"},\"query-input\":{\"@type\":\"PropertyValueSpecification\",\"valueRequired\":true,\"valueName\":\"search_term_string\"}}],\"inLanguage\":\"it-IT\"},{\"@type\":\"Organization\",\"@id\":\"https:\\\/\\\/www.digitalcameraschool.it\\\/home\\\/#organization\",\"name\":\"Digital Camera School\",\"url\":\"https:\\\/\\\/www.digitalcameraschool.it\\\/home\\\/\",\"logo\":{\"@type\":\"ImageObject\",\"inLanguage\":\"it-IT\",\"@id\":\"https:\\\/\\\/www.digitalcameraschool.it\\\/home\\\/#\\\/schema\\\/logo\\\/image\\\/\",\"url\":\"https:\\\/\\\/www.digitalcameraschool.it\\\/home\\\/wp-content\\\/uploads\\\/2022\\\/05\\\/logo-rotondo-dcs.png\",\"contentUrl\":\"https:\\\/\\\/www.digitalcameraschool.it\\\/home\\\/wp-content\\\/uploads\\\/2022\\\/05\\\/logo-rotondo-dcs.png\",\"width\":500,\"height\":500,\"caption\":\"Digital Camera School\"},\"image\":{\"@id\":\"https:\\\/\\\/www.digitalcameraschool.it\\\/home\\\/#\\\/schema\\\/logo\\\/image\\\/\"},\"sameAs\":[\"https:\\\/\\\/www.facebook.com\\\/digitalcameraschool\",\"https:\\\/\\\/www.instagram.com\\\/digital_camera_school\\\/\",\"https:\\\/\\\/www.youtube.com\\\/c\\\/digitalcameraschool_tv\"]}]}<\/script>\n<!-- \/ Yoast SEO plugin. -->","yoast_head_json":{"title":"ROMA by Night dalla notte all'alba sabato 19 settembre - Digital Camera School - Corsi di fotografia","robots":{"index":"index","follow":"follow","max-snippet":"max-snippet:-1","max-image-preview":"max-image-preview:large","max-video-preview":"max-video-preview:-1"},"canonical":"https:\/\/www.digitalcameraschool.it\/home\/prodotto\/roma-by-night-1\/","og_locale":"it_IT","og_type":"article","og_title":"ROMA by Night dalla notte all'alba sabato 19 settembre - Digital Camera School - Corsi di fotografia","og_description":"Roma la citt\u00e0 eterna \u00e8 sicuramente una delle citt\u00e0 pi\u00f9 belle del mondo \u00e8 da innumerevoli spunti fotografici e un luogo denso di storia. Sar\u00e0 un full-immersion fotografico che partir\u00e0 la notte del sabato. Roma \u00e8 bella e molto molto visitata e spesso l\u2019eccesso di turisti limita lo spazio fotografico. Per questo motivo faremo la sessione fotografica notturna fino all'alba che ci permetter\u00e0 di immortalarla nel suo silenzio e quasi priva di presenza umana.","og_url":"https:\/\/www.digitalcameraschool.it\/home\/prodotto\/roma-by-night-1\/","og_site_name":"Digital Camera School - Corsi di fotografia","article_publisher":"https:\/\/www.facebook.com\/digitalcameraschool","article_modified_time":"2026-04-09T07:53:32+00:00","og_image":[{"width":1800,"height":1800,"url":"https:\/\/www.digitalcameraschool.it\/home\/wp-content\/uploads\/2026\/04\/roma-night.jpg","type":"image\/jpeg"}],"twitter_card":"summary_large_image","twitter_misc":{"Tempo di lettura stimato":"4 minuti"},"schema":{"@context":"https:\/\/schema.org","@graph":[{"@type":"WebPage","@id":"https:\/\/www.digitalcameraschool.it\/home\/prodotto\/roma-by-night-1\/","url":"https:\/\/www.digitalcameraschool.it\/home\/prodotto\/roma-by-night-1\/","name":"ROMA by Night dalla notte all'alba sabato 19 settembre - Digital Camera School - Corsi di fotografia","isPartOf":{"@id":"https:\/\/www.digitalcameraschool.it\/home\/#website"},"primaryImageOfPage":{"@id":"https:\/\/www.digitalcameraschool.it\/home\/prodotto\/roma-by-night-1\/#primaryimage"},"image":{"@id":"https:\/\/www.digitalcameraschool.it\/home\/prodotto\/roma-by-night-1\/#primaryimage"},"thumbnailUrl":"https:\/\/www.digitalcameraschool.it\/home\/wp-content\/uploads\/2026\/04\/roma-night.jpg","datePublished":"2026-04-09T07:48:52+00:00","dateModified":"2026-04-09T07:53:32+00:00","breadcrumb":{"@id":"https:\/\/www.digitalcameraschool.it\/home\/prodotto\/roma-by-night-1\/#breadcrumb"},"inLanguage":"it-IT","potentialAction":[{"@type":"ReadAction","target":["https:\/\/www.digitalcameraschool.it\/home\/prodotto\/roma-by-night-1\/"]}]},{"@type":"ImageObject","inLanguage":"it-IT","@id":"https:\/\/www.digitalcameraschool.it\/home\/prodotto\/roma-by-night-1\/#primaryimage","url":"https:\/\/www.digitalcameraschool.it\/home\/wp-content\/uploads\/2026\/04\/roma-night.jpg","contentUrl":"https:\/\/www.digitalcameraschool.it\/home\/wp-content\/uploads\/2026\/04\/roma-night.jpg","width":1800,"height":1800},{"@type":"BreadcrumbList","@id":"https:\/\/www.digitalcameraschool.it\/home\/prodotto\/roma-by-night-1\/#breadcrumb","itemListElement":[{"@type":"ListItem","position":1,"name":"Home","item":"https:\/\/www.digitalcameraschool.it\/home\/"},{"@type":"ListItem","position":2,"name":"Shop","item":"https:\/\/www.digitalcameraschool.it\/home\/shop\/"},{"@type":"ListItem","position":3,"name":"ROMA by Night dalla notte all&#8217;alba sabato 19 settembre"}]},{"@type":"WebSite","@id":"https:\/\/www.digitalcameraschool.it\/home\/#website","url":"https:\/\/www.digitalcameraschool.it\/home\/","name":"Digital Camera School - Corsi di fotografia","description":"Corsi, workshop, viaggi e molto altro!","publisher":{"@id":"https:\/\/www.digitalcameraschool.it\/home\/#organization"},"potentialAction":[{"@type":"SearchAction","target":{"@type":"EntryPoint","urlTemplate":"https:\/\/www.digitalcameraschool.it\/home\/?s={search_term_string}"},"query-input":{"@type":"PropertyValueSpecification","valueRequired":true,"valueName":"search_term_string"}}],"inLanguage":"it-IT"},{"@type":"Organization","@id":"https:\/\/www.digitalcameraschool.it\/home\/#organization","name":"Digital Camera School","url":"https:\/\/www.digitalcameraschool.it\/home\/","logo":{"@type":"ImageObject","inLanguage":"it-IT","@id":"https:\/\/www.digitalcameraschool.it\/home\/#\/schema\/logo\/image\/","url":"https:\/\/www.digitalcameraschool.it\/home\/wp-content\/uploads\/2022\/05\/logo-rotondo-dcs.png","contentUrl":"https:\/\/www.digitalcameraschool.it\/home\/wp-content\/uploads\/2022\/05\/logo-rotondo-dcs.png","width":500,"height":500,"caption":"Digital Camera School"},"image":{"@id":"https:\/\/www.digitalcameraschool.it\/home\/#\/schema\/logo\/image\/"},"sameAs":["https:\/\/www.facebook.com\/digitalcameraschool","https:\/\/www.instagram.com\/digital_camera_school\/","https:\/\/www.youtube.com\/c\/digitalcameraschool_tv"]}]}},"_links":{"self":[{"href":"https:\/\/www.digitalcameraschool.it\/home\/wp-json\/wp\/v2\/product\/44261","targetHints":{"allow":["GET"]}}],"collection":[{"href":"https:\/\/www.digitalcameraschool.it\/home\/wp-json\/wp\/v2\/product"}],"about":[{"href":"https:\/\/www.digitalcameraschool.it\/home\/wp-json\/wp\/v2\/types\/product"}],"wp:featuredmedia":[{"embeddable":true,"href":"https:\/\/www.digitalcameraschool.it\/home\/wp-json\/wp\/v2\/media\/44262"}],"wp:attachment":[{"href":"https:\/\/www.digitalcameraschool.it\/home\/wp-json\/wp\/v2\/media?parent=44261"}],"wp:term":[{"taxonomy":"product_brand","embeddable":true,"href":"https:\/\/www.digitalcameraschool.it\/home\/wp-json\/wp\/v2\/product_brand?post=44261"},{"taxonomy":"product_cat","embeddable":true,"href":"https:\/\/www.digitalcameraschool.it\/home\/wp-json\/wp\/v2\/product_cat?post=44261"},{"taxonomy":"product_tag","embeddable":true,"href":"https:\/\/www.digitalcameraschool.it\/home\/wp-json\/wp\/v2\/product_tag?post=44261"}],"curies":[{"name":"wp","href":"https:\/\/api.w.org\/{rel}","templated":true}]}}