{"id":42403,"date":"2025-10-29T10:14:30","date_gmt":"2025-10-29T09:14:30","guid":{"rendered":"https:\/\/www.digitalcameraschool.it\/home\/?post_type=product&#038;p=42403"},"modified":"2026-05-06T12:33:03","modified_gmt":"2026-05-06T10:33:03","slug":"lago-santo-modenese-workshop-di-paesaggio-domenica-18-ottobre","status":"publish","type":"product","link":"https:\/\/www.digitalcameraschool.it\/home\/prodotto\/lago-santo-modenese-workshop-di-paesaggio-domenica-18-ottobre\/","title":{"rendered":"LAGO SANTO MODENESE &#8211; Workshop di Paesaggio- domenica 18 ottobre"},"content":{"rendered":"<div class=\"o9v6fnle cxmmr5t8 oygrvhab hcukyx3x c1et5uql\">\n<div class=\"page\" title=\"Page 1\">\n<div class=\"layoutArea\">\n<div class=\"column\">\n<p>&nbsp;<\/p>\n<\/div>\n<\/div>\n<\/div>\n<p><strong>\u2705 PRE-REQUISITI\u00a0<\/strong><\/p>\n<p>L\u2019uscita \u00e8 aperta a tutti e si riesce ad apprezzare al meglio se si possiede almeno la conoscenza base di ISO-TEMPI-DIAFRAMMI.<\/p>\n<hr \/>\n<p><strong>\u2705 COSA VEDREMO<\/strong><\/p>\n<div class=\"page\" title=\"Page 1\">\n<div class=\"layoutArea\">\n<div class=\"column\">\n<div class=\"page\" title=\"Page 1\">\n<div class=\"layoutArea\">\n<div class=\"column\">\n<div class=\"page\" title=\"Page 1\">\n<div class=\"layoutArea\">\n<div class=\"column\">\n<div class=\"s7\">\n<div class=\"s15\">\n<p>\u2013 I pro e i contro dei vari formati del sensore (FF, APSC, micro 4:3,\u2026)<br \/>\n\u2013 La scelta delle ottiche<br \/>\n\u2013 Tecniche e regole di composizione<br \/>\n\u2013 Analisi della prospettiva e punti di ripresa<br \/>\n\u2013 Fotografare i dettagli del paesaggio<br \/>\n\u2013 Composizione del colore e delle linee<br \/>\n\u2013 Geometrie, linee cadenti e controllo della distorsione<br \/>\n\u2013 Regolazioni di messa a fuoco e gestione degli ISO<br \/>\n\u2013 Utilizzo dei filtri a densit\u00e0 neutra, polarizzatori e digradanti<br \/>\n\u2013 Doppie esposizioni, HDR e metodi di fusione del RAW<br \/>\n\u2013 L\u2019importanza dell\u2019iperfocale nella fotografia paesaggistica<br \/>\n\u2013 La tecnica del focus stacking per ottimizzare la profondit\u00e0 di campo e la nitidezza<br \/>\n\u2013 Lunghe esposizioni<\/p>\n<\/div>\n<\/div>\n<p>&nbsp;<\/p>\n<\/div>\n<\/div>\n<\/div>\n<\/div>\n<\/div>\n<\/div>\n<\/div>\n<\/div>\n<\/div>\n<hr \/>\n<p><strong>\u2705 PROGRAMMA INDICATIVO<\/strong><\/p>\n<div>\n<div>\n<div class=\"page\" title=\"Page 1\">\n<div class=\"layoutArea\">\n<div class=\"column\">\n<div class=\"page\" title=\"Page 1\">\n<div class=\"layoutArea\">\n<div class=\"column\">\n<div class=\"page\" title=\"Page 1\">\n<div class=\"layoutArea\">\n<div class=\"column\">\n<div class=\"page\" title=\"Page 1\">\n<div class=\"layoutArea\">\n<div class=\"column\">\n<p>Orario inizio: ore 14:00<br \/>\nOrario fine: ore 18:00<br \/>\nRitrovo: Lago Santo Modenese &#8211; Parcheggio Lago Santo, 1, 41027 Le Tagliole MO<\/p>\n<\/div>\n<\/div>\n<\/div>\n<\/div>\n<\/div>\n<\/div>\n<\/div>\n<\/div>\n<\/div>\n<\/div>\n<\/div>\n<\/div>\n<\/div>\n<\/div>\n<\/div>\n<hr \/>\n<p>\u2705 <strong>NUMERO MIN-MAX DI PARTECIPANTI<\/strong><\/p>\n<p>MINIMO 05 PERSONE<\/p>\n<p>MAX\u00a0 10 PERSONE<\/p>\n<hr \/>\n<p>\u2705 <strong>DOCENTE<\/strong><\/p>\n<p>Claudio Resto<\/p>\n<hr \/>\n<div><strong>\u2705 PREZZO DEL CORSO\u00a0<\/strong><\/div>\n<div>\n<p>l prezzo del corso \u00e8 di 70,00 euro a persona.<br \/>\nSe possiedi la nostra Education Card il prezzo del corso \u00e8 50,00 Euro.<br \/>\nIl prezzo comprende la visita Guidata<\/p>\n<\/div>\n<div>\n<p><strong>\u00a0\u2705 COSA E\u2019 ESCLUSO DAL PREZZO<\/strong><\/p>\n<\/div>\n<div>\n<p>\u2013 Trasporto<br \/>\n\u2013 Cibi e Bevande<br \/>\n\u2013 Pernottamento<br \/>\n\u2013 Tutto quello non specificato in compreso<\/p>\n<\/div>\n<hr \/>\n<h3 class=\"\" data-start=\"137\" data-end=\"185\"><strong>\u2705 <\/strong>Condizioni di Vendita \u2013 Workshop Fotografici<\/h3>\n<p class=\"\" data-start=\"187\" data-end=\"780\"><strong data-start=\"187\" data-end=\"210\">Disdette e rimborsi<\/strong><br data-start=\"210\" data-end=\"213\" \/>\u2013 \u00c8 possibile richiedere un <strong data-start=\"241\" data-end=\"279\">rimborso o un buono di pari valore<\/strong> se la disdetta viene comunicata <strong data-start=\"312\" data-end=\"337\">almeno 5 giorni prima<\/strong> dell\u2019inizio del workshop.<br data-start=\"363\" data-end=\"366\" \/>\u2013 In caso di disdetta <strong data-start=\"388\" data-end=\"418\">entro le 24 ore precedenti<\/strong> al workshop, sar\u00e0 possibile ricevere un <strong data-start=\"459\" data-end=\"483\">buono di pari valore<\/strong> da utilizzare per un altro corso o evento.<br data-start=\"526\" data-end=\"529\" \/>\u2013 In caso di <strong data-start=\"542\" data-end=\"594\">mancata comunicazione o disdetta oltre le 24 ore<\/strong>, l\u2019organizzazione si riserva la facolt\u00e0 di <strong data-start=\"638\" data-end=\"664\">valutare caso per caso<\/strong> se rilasciare un buono oppure <strong data-start=\"695\" data-end=\"726\">trattenere la quota versata<\/strong>, in base all\u2019organizzazione e ai costi gi\u00e0 sostenuti.<\/p>\n<p class=\"\" data-start=\"782\" data-end=\"1103\"><strong data-start=\"782\" data-end=\"830\">Svolgimento del workshop in caso di maltempo<\/strong><br data-start=\"830\" data-end=\"833\" \/>I workshop si svolgono <strong data-start=\"856\" data-end=\"889\">in qualsiasi condizione meteo<\/strong>: anche la pioggia, la nebbia o il cielo coperto offrono spunti creativi e didattici interessanti. In base alle condizioni del momento, <strong data-start=\"1025\" data-end=\"1056\">la didattica verr\u00e0 adattata<\/strong> all\u2019ambiente, trovando sempre idee stimolanti.<\/p>\n<p class=\"\" data-start=\"1105\" data-end=\"1528\">L\u2019organizzazione si impegna a <strong data-start=\"1135\" data-end=\"1169\">monitorare le previsioni meteo<\/strong> nei giorni precedenti l\u2019evento. Nel caso in cui le condizioni risultino realmente proibitive o potenzialmente pericolose, si riserva la possibilit\u00e0 di <strong data-start=\"1321\" data-end=\"1346\">rimandare il workshop<\/strong>. In tal caso, il partecipante potr\u00e0 scegliere se ricevere <strong data-start=\"1405\" data-end=\"1429\">un rimborso completo<\/strong>, un <strong data-start=\"1434\" data-end=\"1458\">buono di pari valore<\/strong>, oppure <strong data-start=\"1467\" data-end=\"1527\">confermare la propria presenza nella nuova data proposta<\/strong>.<\/p>\n<div>\n<hr \/>\n<\/div>\n<div>\n<div><\/div>\n<\/div>\n","protected":false},"excerpt":{"rendered":"<p>Il lago si trova a quota 1.501 m s.l.m. ed \u00e8 il maggior lago naturale dell&#8217;appennino modenese ed il secondo, superato di poco dall&#8217;omonimo parmense, dell&#8217;intero Appennino settentrionale.<br \/>\nL&#8217;autunno \u00e8 la stagione in cui la natura si trasforma in un capolavoro di sfumature calde e avvolgenti. Se sei un appassionato di fotografia, questo \u00e8 il momento perfetto per catturare immagini straordinarie e dare vita alla tua creativit\u00e0. Il Lago Santo Modenese \u00e8 circondato da boschi di faggi e conifere che si<br \/>\ntingono dei colori autunnali, offrendo un panorama mozzafiato. Con le montagne sullo sfondo e i riflessi sull&#8217;acqua, avrai infinite possibilit\u00e0 per scattare foto uniche.<\/p>\n","protected":false},"featured_media":42404,"template":"","meta":{"pmpro_default_level":""},"product_brand":[],"product_cat":[167,110],"product_tag":[],"class_list":{"0":"post-42403","1":"product","2":"type-product","3":"status-publish","4":"has-post-thumbnail","6":"product_cat-corsi","7":"product_cat-workshop","8":"pmpro-has-access","10":"first","11":"instock","12":"virtual","13":"taxable","14":"purchasable","15":"product-type-simple"},"acf":[],"yoast_head":"<!-- This site is optimized with the Yoast SEO plugin v27.5 - https:\/\/yoast.com\/product\/yoast-seo-wordpress\/ -->\n<title>LAGO SANTO MODENESE - Workshop di Paesaggio- domenica 18 ottobre - Digital Camera School - Corsi di fotografia<\/title>\n<meta name=\"robots\" content=\"index, follow, max-snippet:-1, max-image-preview:large, max-video-preview:-1\" \/>\n<link rel=\"canonical\" href=\"https:\/\/www.digitalcameraschool.it\/home\/prodotto\/lago-santo-modenese-workshop-di-paesaggio-domenica-18-ottobre\/\" \/>\n<meta property=\"og:locale\" content=\"it_IT\" \/>\n<meta property=\"og:type\" content=\"article\" \/>\n<meta property=\"og:title\" content=\"LAGO SANTO MODENESE - Workshop di Paesaggio- domenica 18 ottobre - Digital Camera School - Corsi di fotografia\" \/>\n<meta property=\"og:description\" content=\"Il lago si trova a quota 1.501 m s.l.m. ed \u00e8 il maggior lago naturale dell&#039;appennino modenese ed il secondo, superato di poco dall&#039;omonimo parmense, dell&#039;intero Appennino settentrionale. L&#039;autunno \u00e8 la stagione in cui la natura si trasforma in un capolavoro di sfumature calde e avvolgenti. Se sei un appassionato di fotografia, questo \u00e8 il momento perfetto per catturare immagini straordinarie e dare vita alla tua creativit\u00e0. Il Lago Santo Modenese \u00e8 circondato da boschi di faggi e conifere che si tingono dei colori autunnali, offrendo un panorama mozzafiato. Con le montagne sullo sfondo e i riflessi sull&#039;acqua, avrai infinite possibilit\u00e0 per scattare foto uniche.\" \/>\n<meta property=\"og:url\" content=\"https:\/\/www.digitalcameraschool.it\/home\/prodotto\/lago-santo-modenese-workshop-di-paesaggio-domenica-18-ottobre\/\" \/>\n<meta property=\"og:site_name\" content=\"Digital Camera School - Corsi di fotografia\" \/>\n<meta property=\"article:publisher\" content=\"https:\/\/www.facebook.com\/digitalcameraschool\" \/>\n<meta property=\"article:modified_time\" content=\"2026-05-06T10:33:03+00:00\" \/>\n<meta property=\"og:image\" content=\"https:\/\/www.digitalcameraschool.it\/home\/wp-content\/uploads\/2025\/10\/479.jpg\" \/>\n\t<meta property=\"og:image:width\" content=\"2500\" \/>\n\t<meta property=\"og:image:height\" content=\"2500\" \/>\n\t<meta property=\"og:image:type\" content=\"image\/jpeg\" \/>\n<meta name=\"twitter:card\" content=\"summary_large_image\" \/>\n<meta name=\"twitter:label1\" content=\"Tempo di lettura stimato\" \/>\n\t<meta name=\"twitter:data1\" content=\"3 minuti\" \/>\n<script type=\"application\/ld+json\" class=\"yoast-schema-graph\">{\"@context\":\"https:\\\/\\\/schema.org\",\"@graph\":[{\"@type\":\"WebPage\",\"@id\":\"https:\\\/\\\/www.digitalcameraschool.it\\\/home\\\/prodotto\\\/lago-santo-modenese-workshop-di-paesaggio-domenica-18-ottobre\\\/\",\"url\":\"https:\\\/\\\/www.digitalcameraschool.it\\\/home\\\/prodotto\\\/lago-santo-modenese-workshop-di-paesaggio-domenica-18-ottobre\\\/\",\"name\":\"LAGO SANTO MODENESE - Workshop di Paesaggio- domenica 18 ottobre - Digital Camera School - Corsi di fotografia\",\"isPartOf\":{\"@id\":\"https:\\\/\\\/www.digitalcameraschool.it\\\/home\\\/#website\"},\"primaryImageOfPage\":{\"@id\":\"https:\\\/\\\/www.digitalcameraschool.it\\\/home\\\/prodotto\\\/lago-santo-modenese-workshop-di-paesaggio-domenica-18-ottobre\\\/#primaryimage\"},\"image\":{\"@id\":\"https:\\\/\\\/www.digitalcameraschool.it\\\/home\\\/prodotto\\\/lago-santo-modenese-workshop-di-paesaggio-domenica-18-ottobre\\\/#primaryimage\"},\"thumbnailUrl\":\"https:\\\/\\\/www.digitalcameraschool.it\\\/home\\\/wp-content\\\/uploads\\\/2025\\\/10\\\/479.jpg\",\"datePublished\":\"2025-10-29T09:14:30+00:00\",\"dateModified\":\"2026-05-06T10:33:03+00:00\",\"breadcrumb\":{\"@id\":\"https:\\\/\\\/www.digitalcameraschool.it\\\/home\\\/prodotto\\\/lago-santo-modenese-workshop-di-paesaggio-domenica-18-ottobre\\\/#breadcrumb\"},\"inLanguage\":\"it-IT\",\"potentialAction\":[{\"@type\":\"ReadAction\",\"target\":[\"https:\\\/\\\/www.digitalcameraschool.it\\\/home\\\/prodotto\\\/lago-santo-modenese-workshop-di-paesaggio-domenica-18-ottobre\\\/\"]}]},{\"@type\":\"ImageObject\",\"inLanguage\":\"it-IT\",\"@id\":\"https:\\\/\\\/www.digitalcameraschool.it\\\/home\\\/prodotto\\\/lago-santo-modenese-workshop-di-paesaggio-domenica-18-ottobre\\\/#primaryimage\",\"url\":\"https:\\\/\\\/www.digitalcameraschool.it\\\/home\\\/wp-content\\\/uploads\\\/2025\\\/10\\\/479.jpg\",\"contentUrl\":\"https:\\\/\\\/www.digitalcameraschool.it\\\/home\\\/wp-content\\\/uploads\\\/2025\\\/10\\\/479.jpg\",\"width\":2500,\"height\":2500},{\"@type\":\"BreadcrumbList\",\"@id\":\"https:\\\/\\\/www.digitalcameraschool.it\\\/home\\\/prodotto\\\/lago-santo-modenese-workshop-di-paesaggio-domenica-18-ottobre\\\/#breadcrumb\",\"itemListElement\":[{\"@type\":\"ListItem\",\"position\":1,\"name\":\"Home\",\"item\":\"https:\\\/\\\/www.digitalcameraschool.it\\\/home\\\/\"},{\"@type\":\"ListItem\",\"position\":2,\"name\":\"Shop\",\"item\":\"https:\\\/\\\/www.digitalcameraschool.it\\\/home\\\/shop\\\/\"},{\"@type\":\"ListItem\",\"position\":3,\"name\":\"LAGO SANTO MODENESE &#8211; Workshop di Paesaggio- domenica 18 ottobre\"}]},{\"@type\":\"WebSite\",\"@id\":\"https:\\\/\\\/www.digitalcameraschool.it\\\/home\\\/#website\",\"url\":\"https:\\\/\\\/www.digitalcameraschool.it\\\/home\\\/\",\"name\":\"Digital Camera School - Corsi di fotografia\",\"description\":\"Corsi, workshop, viaggi e molto altro!\",\"publisher\":{\"@id\":\"https:\\\/\\\/www.digitalcameraschool.it\\\/home\\\/#organization\"},\"potentialAction\":[{\"@type\":\"SearchAction\",\"target\":{\"@type\":\"EntryPoint\",\"urlTemplate\":\"https:\\\/\\\/www.digitalcameraschool.it\\\/home\\\/?s={search_term_string}\"},\"query-input\":{\"@type\":\"PropertyValueSpecification\",\"valueRequired\":true,\"valueName\":\"search_term_string\"}}],\"inLanguage\":\"it-IT\"},{\"@type\":\"Organization\",\"@id\":\"https:\\\/\\\/www.digitalcameraschool.it\\\/home\\\/#organization\",\"name\":\"Digital Camera School\",\"url\":\"https:\\\/\\\/www.digitalcameraschool.it\\\/home\\\/\",\"logo\":{\"@type\":\"ImageObject\",\"inLanguage\":\"it-IT\",\"@id\":\"https:\\\/\\\/www.digitalcameraschool.it\\\/home\\\/#\\\/schema\\\/logo\\\/image\\\/\",\"url\":\"https:\\\/\\\/www.digitalcameraschool.it\\\/home\\\/wp-content\\\/uploads\\\/2022\\\/05\\\/logo-rotondo-dcs.png\",\"contentUrl\":\"https:\\\/\\\/www.digitalcameraschool.it\\\/home\\\/wp-content\\\/uploads\\\/2022\\\/05\\\/logo-rotondo-dcs.png\",\"width\":500,\"height\":500,\"caption\":\"Digital Camera School\"},\"image\":{\"@id\":\"https:\\\/\\\/www.digitalcameraschool.it\\\/home\\\/#\\\/schema\\\/logo\\\/image\\\/\"},\"sameAs\":[\"https:\\\/\\\/www.facebook.com\\\/digitalcameraschool\",\"https:\\\/\\\/www.instagram.com\\\/digital_camera_school\\\/\",\"https:\\\/\\\/www.youtube.com\\\/c\\\/digitalcameraschool_tv\"]}]}<\/script>\n<!-- \/ Yoast SEO plugin. -->","yoast_head_json":{"title":"LAGO SANTO MODENESE - Workshop di Paesaggio- domenica 18 ottobre - Digital Camera School - Corsi di fotografia","robots":{"index":"index","follow":"follow","max-snippet":"max-snippet:-1","max-image-preview":"max-image-preview:large","max-video-preview":"max-video-preview:-1"},"canonical":"https:\/\/www.digitalcameraschool.it\/home\/prodotto\/lago-santo-modenese-workshop-di-paesaggio-domenica-18-ottobre\/","og_locale":"it_IT","og_type":"article","og_title":"LAGO SANTO MODENESE - Workshop di Paesaggio- domenica 18 ottobre - Digital Camera School - Corsi di fotografia","og_description":"Il lago si trova a quota 1.501 m s.l.m. ed \u00e8 il maggior lago naturale dell'appennino modenese ed il secondo, superato di poco dall'omonimo parmense, dell'intero Appennino settentrionale. L'autunno \u00e8 la stagione in cui la natura si trasforma in un capolavoro di sfumature calde e avvolgenti. Se sei un appassionato di fotografia, questo \u00e8 il momento perfetto per catturare immagini straordinarie e dare vita alla tua creativit\u00e0. Il Lago Santo Modenese \u00e8 circondato da boschi di faggi e conifere che si tingono dei colori autunnali, offrendo un panorama mozzafiato. Con le montagne sullo sfondo e i riflessi sull'acqua, avrai infinite possibilit\u00e0 per scattare foto uniche.","og_url":"https:\/\/www.digitalcameraschool.it\/home\/prodotto\/lago-santo-modenese-workshop-di-paesaggio-domenica-18-ottobre\/","og_site_name":"Digital Camera School - Corsi di fotografia","article_publisher":"https:\/\/www.facebook.com\/digitalcameraschool","article_modified_time":"2026-05-06T10:33:03+00:00","og_image":[{"width":2500,"height":2500,"url":"https:\/\/www.digitalcameraschool.it\/home\/wp-content\/uploads\/2025\/10\/479.jpg","type":"image\/jpeg"}],"twitter_card":"summary_large_image","twitter_misc":{"Tempo di lettura stimato":"3 minuti"},"schema":{"@context":"https:\/\/schema.org","@graph":[{"@type":"WebPage","@id":"https:\/\/www.digitalcameraschool.it\/home\/prodotto\/lago-santo-modenese-workshop-di-paesaggio-domenica-18-ottobre\/","url":"https:\/\/www.digitalcameraschool.it\/home\/prodotto\/lago-santo-modenese-workshop-di-paesaggio-domenica-18-ottobre\/","name":"LAGO SANTO MODENESE - Workshop di Paesaggio- domenica 18 ottobre - Digital Camera School - Corsi di fotografia","isPartOf":{"@id":"https:\/\/www.digitalcameraschool.it\/home\/#website"},"primaryImageOfPage":{"@id":"https:\/\/www.digitalcameraschool.it\/home\/prodotto\/lago-santo-modenese-workshop-di-paesaggio-domenica-18-ottobre\/#primaryimage"},"image":{"@id":"https:\/\/www.digitalcameraschool.it\/home\/prodotto\/lago-santo-modenese-workshop-di-paesaggio-domenica-18-ottobre\/#primaryimage"},"thumbnailUrl":"https:\/\/www.digitalcameraschool.it\/home\/wp-content\/uploads\/2025\/10\/479.jpg","datePublished":"2025-10-29T09:14:30+00:00","dateModified":"2026-05-06T10:33:03+00:00","breadcrumb":{"@id":"https:\/\/www.digitalcameraschool.it\/home\/prodotto\/lago-santo-modenese-workshop-di-paesaggio-domenica-18-ottobre\/#breadcrumb"},"inLanguage":"it-IT","potentialAction":[{"@type":"ReadAction","target":["https:\/\/www.digitalcameraschool.it\/home\/prodotto\/lago-santo-modenese-workshop-di-paesaggio-domenica-18-ottobre\/"]}]},{"@type":"ImageObject","inLanguage":"it-IT","@id":"https:\/\/www.digitalcameraschool.it\/home\/prodotto\/lago-santo-modenese-workshop-di-paesaggio-domenica-18-ottobre\/#primaryimage","url":"https:\/\/www.digitalcameraschool.it\/home\/wp-content\/uploads\/2025\/10\/479.jpg","contentUrl":"https:\/\/www.digitalcameraschool.it\/home\/wp-content\/uploads\/2025\/10\/479.jpg","width":2500,"height":2500},{"@type":"BreadcrumbList","@id":"https:\/\/www.digitalcameraschool.it\/home\/prodotto\/lago-santo-modenese-workshop-di-paesaggio-domenica-18-ottobre\/#breadcrumb","itemListElement":[{"@type":"ListItem","position":1,"name":"Home","item":"https:\/\/www.digitalcameraschool.it\/home\/"},{"@type":"ListItem","position":2,"name":"Shop","item":"https:\/\/www.digitalcameraschool.it\/home\/shop\/"},{"@type":"ListItem","position":3,"name":"LAGO SANTO MODENESE &#8211; Workshop di Paesaggio- domenica 18 ottobre"}]},{"@type":"WebSite","@id":"https:\/\/www.digitalcameraschool.it\/home\/#website","url":"https:\/\/www.digitalcameraschool.it\/home\/","name":"Digital Camera School - Corsi di fotografia","description":"Corsi, workshop, viaggi e molto altro!","publisher":{"@id":"https:\/\/www.digitalcameraschool.it\/home\/#organization"},"potentialAction":[{"@type":"SearchAction","target":{"@type":"EntryPoint","urlTemplate":"https:\/\/www.digitalcameraschool.it\/home\/?s={search_term_string}"},"query-input":{"@type":"PropertyValueSpecification","valueRequired":true,"valueName":"search_term_string"}}],"inLanguage":"it-IT"},{"@type":"Organization","@id":"https:\/\/www.digitalcameraschool.it\/home\/#organization","name":"Digital Camera School","url":"https:\/\/www.digitalcameraschool.it\/home\/","logo":{"@type":"ImageObject","inLanguage":"it-IT","@id":"https:\/\/www.digitalcameraschool.it\/home\/#\/schema\/logo\/image\/","url":"https:\/\/www.digitalcameraschool.it\/home\/wp-content\/uploads\/2022\/05\/logo-rotondo-dcs.png","contentUrl":"https:\/\/www.digitalcameraschool.it\/home\/wp-content\/uploads\/2022\/05\/logo-rotondo-dcs.png","width":500,"height":500,"caption":"Digital Camera School"},"image":{"@id":"https:\/\/www.digitalcameraschool.it\/home\/#\/schema\/logo\/image\/"},"sameAs":["https:\/\/www.facebook.com\/digitalcameraschool","https:\/\/www.instagram.com\/digital_camera_school\/","https:\/\/www.youtube.com\/c\/digitalcameraschool_tv"]}]}},"_links":{"self":[{"href":"https:\/\/www.digitalcameraschool.it\/home\/wp-json\/wp\/v2\/product\/42403","targetHints":{"allow":["GET"]}}],"collection":[{"href":"https:\/\/www.digitalcameraschool.it\/home\/wp-json\/wp\/v2\/product"}],"about":[{"href":"https:\/\/www.digitalcameraschool.it\/home\/wp-json\/wp\/v2\/types\/product"}],"wp:featuredmedia":[{"embeddable":true,"href":"https:\/\/www.digitalcameraschool.it\/home\/wp-json\/wp\/v2\/media\/42404"}],"wp:attachment":[{"href":"https:\/\/www.digitalcameraschool.it\/home\/wp-json\/wp\/v2\/media?parent=42403"}],"wp:term":[{"taxonomy":"product_brand","embeddable":true,"href":"https:\/\/www.digitalcameraschool.it\/home\/wp-json\/wp\/v2\/product_brand?post=42403"},{"taxonomy":"product_cat","embeddable":true,"href":"https:\/\/www.digitalcameraschool.it\/home\/wp-json\/wp\/v2\/product_cat?post=42403"},{"taxonomy":"product_tag","embeddable":true,"href":"https:\/\/www.digitalcameraschool.it\/home\/wp-json\/wp\/v2\/product_tag?post=42403"}],"curies":[{"name":"wp","href":"https:\/\/api.w.org\/{rel}","templated":true}]}}