{"id":41096,"date":"2025-06-16T09:59:27","date_gmt":"2025-06-16T07:59:27","guid":{"rendered":"https:\/\/www.digitalcameraschool.it\/home\/?post_type=product&#038;p=41096"},"modified":"2026-03-24T08:53:08","modified_gmt":"2026-03-24T07:53:08","slug":"parco-sigurta-e-valeggio-sul-mincio-sabato-18-aprile","status":"publish","type":"product","link":"https:\/\/www.digitalcameraschool.it\/home\/prodotto\/parco-sigurta-e-valeggio-sul-mincio-sabato-18-aprile\/","title":{"rendered":"Parco Sigurt\u00e0 e Valeggio sul Mincio <br> Sabato 11 aprile (SOLD-OUT)"},"content":{"rendered":"<div class=\"o9v6fnle cxmmr5t8 oygrvhab hcukyx3x c1et5uql\">Passeggiata fotografica nel parco Sigurt\u00e0\u00a0 uno dei parchi pi\u00f9 belli d&#8217;Europa nel pieno della fioritura dei tulipani. Un parco ricco di spunti fotografici floreali, il workshop ha un taglio fotografico\/naturalistico.<\/div>\n<div><\/div>\n<div>Nel pomeriggio ci sposteremo a Valeggio sul Mincio.<\/div>\n<div><\/div>\n<div class=\"o9v6fnle cxmmr5t8 oygrvhab hcukyx3x c1et5uql\">\n<p><strong>\u2705PRE-REQUISITI\u00a0<\/strong><\/p>\n<p>L\u2019uscita \u00e8 aperta a tutti, si sfrutta meglio con una conoscenza minima di ISO-TEMPI-DIAFRAMMI<\/p>\n<hr \/>\n<p><strong>\u2705COSA VEDREMO<\/strong><\/p>\n<div class=\"o9v6fnle cxmmr5t8 oygrvhab hcukyx3x c1et5uql\">&#8211; Set-up ideale della fotocamera<\/div>\n<div>&#8211; Accessori, strumenti e applicazioni per pianificare al meglio le uscite<\/div>\n<div>&#8211; Studio del soggetto e composizione<\/div>\n<div>&#8211; Distanza minima di messa a fuoco<\/div>\n<div>&#8211; Concetti base di macro fotografia<\/div>\n<div>&#8211; Accessori per la macro fotografia<\/div>\n<div>&#8211; Tecniche avanzate di scatto: Focus Stacking e fusioni di pi\u00f9 fotografie<\/div>\n<div>&#8211; L&#8217;iperfocale scoprire cos&#8217;\u00e8 o imparare a sfruttarla al meglio<\/div>\n<div>&#8211; HDR e fusioni di foto con esposizioni differenti<\/div>\n<div>&#8211; Bianco e Nero<\/div>\n<div>&#8211; Fotografare agli infrarossi<\/div>\n<div>&#8211; Bilanciamento del Bianco<\/div>\n<div>&#8211; Lettura delle immagini<\/div>\n<div>&#8211; Affiancamento costante del docente per realizzare il maggior numero di scatti di successo e apprendere o consolidare nuove tecniche di scatto.<\/div>\n<div>&#8211; Fotografare il Tramonto<\/div>\n<div>&#8211; Filtri Fotografici<\/div>\n<div>&#8211; Lunghe Esposizioni<\/div>\n<div><\/div>\n<\/div>\n<div class=\"o9v6fnle cxmmr5t8 oygrvhab hcukyx3x c1et5uql\">\n<hr \/>\n<p><strong>\u2705PROGRAMMA INDICATIVO<\/strong><\/p>\n<div>Ore 10:00 al Parco Sigurt\u00e0<br \/>\nOre 10:20 briefing<br \/>\nOre 11:00 inizio sessione fotografica nel parco<br \/>\nOre 12:30 pranzo al sacco<br \/>\nOre 13:30 seconda sessione fotografica<br \/>\nOre 20:00 circa briefing per sessione tramonto e spostamento nel Borghetto sul Mincio<br \/>\nOre 20:00 Tramonto<\/div>\n<div><\/div>\n<\/div>\n<div class=\"o9v6fnle cxmmr5t8 oygrvhab hcukyx3x c1et5uql\">\n<hr \/>\n<p><strong>\u2705ABBIGLIAMENTO<\/strong><\/p>\n<p>Consigliamo un abbigliamento adatto alla stagione e alle temperature. Scarpe comode ed impermeabile<\/p>\n<hr \/>\n<p><strong>\u2705ATTREZZATURA UTILE<\/strong><\/p>\n<p>Fotocamera\/Smartphone con batterie cariche e schede di memoria libere<br \/>\nTreppiedi<br \/>\nFiltri per Lunghe Esposizioni<\/p>\n<\/div>\n<hr \/>\n<p>\u2705<strong>NUMERO MIN DI PARTECIPANTI<\/strong><\/p>\n<p>MINIMO\u00a0 \u00a0 06 PERSONE<br \/>\nMASSIMO 1o PERSONE<\/p>\n<div>\n<hr \/>\n<p><strong>\u2705 PREZZO DEL CORSO<\/strong><\/p>\n<p>Il corso ha un prezzo di 90 euro,<br \/>\noppure di 50 euro per chi ha la nostra Education card.<\/p>\n<\/div>\n<p><b>\u00a0<\/b><\/p>\n<div>\n<p><strong>\u2705 COSA E\u2019 ESCLUSO DAL PREZZO<\/strong><\/p>\n<p>\u2013 Trasporto<br \/>\n&#8211;\u00a0 Biglietto del Parco Sigurt\u00e0 Euro 19,00 a persona https:\/\/ticket.sigurta.it\/biglietti (prezzi del 2025 potrebbero aumentare)<br \/>\n\u2013 Cibi e Bevande<br \/>\n\u2013 Pernottamento<br \/>\n\u2013 Tutto quello non specificato in compreso<\/p>\n<hr \/>\n<\/div>\n<div>\n<p><strong><img decoding=\"async\" class=\"emoji\" role=\"img\" draggable=\"false\" src=\"https:\/\/s.w.org\/images\/core\/emoji\/13.0.0\/svg\/2705.svg\" alt=\"\u2705\" \/> ANNULLAMENTI\/RINVII<\/strong><\/p>\n<\/div>\n<p class=\"\" data-start=\"782\" data-end=\"1103\"><strong data-start=\"782\" data-end=\"830\">Svolgimento del workshop in caso di maltempo<\/strong><br data-start=\"830\" data-end=\"833\" \/>I workshop si svolgono <strong data-start=\"856\" data-end=\"889\">in qualsiasi condizione meteo<\/strong>: anche la pioggia, la nebbia o il cielo coperto offrono spunti creativi e didattici interessanti. In base alle condizioni del momento, <strong data-start=\"1025\" data-end=\"1056\">la didattica verr\u00e0 adattata<\/strong> all\u2019ambiente, trovando sempre idee stimolanti.<\/p>\n<p class=\"\" data-start=\"1105\" data-end=\"1528\">L\u2019organizzazione si impegna a <strong data-start=\"1135\" data-end=\"1169\">monitorare le previsioni meteo<\/strong> nei giorni precedenti l\u2019evento. Nel caso in cui le condizioni risultino realmente proibitive o potenzialmente pericolose, si riserva la possibilit\u00e0 di <strong data-start=\"1321\" data-end=\"1346\">rimandare il workshop<\/strong>. In tal caso, il partecipante potr\u00e0 scegliere se ricevere <strong data-start=\"1405\" data-end=\"1429\">un rimborso completo<\/strong>, un <strong data-start=\"1434\" data-end=\"1458\">buono di pari valore<\/strong>, oppure <strong data-start=\"1467\" data-end=\"1527\">confermare la propria presenza nella nuova data proposta.<\/strong><\/p>\n<p data-start=\"1105\" data-end=\"1528\">\u2013 In caso di disdetta <strong data-start=\"388\" data-end=\"418\">entro le 24 ore precedenti<\/strong> al workshop, sar\u00e0 possibile ricevere un <strong data-start=\"459\" data-end=\"483\">buono di pari valore<\/strong> da utilizzare per un altro corso o evento.<br data-start=\"526\" data-end=\"529\" \/>\u2013 In caso di <strong data-start=\"542\" data-end=\"594\">mancata comunicazione o disdetta oltre le 24 ore<\/strong>, l\u2019organizzazione si riserva la facolt\u00e0 di <strong data-start=\"638\" data-end=\"664\">valutare caso per caso<\/strong> se rilasciare un buono oppure <strong data-start=\"695\" data-end=\"726\">trattenere eventuali costi di prenotazione\u00a0 versata<\/strong>, in base all\u2019organizzazione e ai costi gi\u00e0 sostenuti.<\/p>\n<hr \/>\n<div><strong><img decoding=\"async\" class=\"emoji\" role=\"img\" draggable=\"false\" src=\"https:\/\/s.w.org\/images\/core\/emoji\/13.0.0\/svg\/2705.svg\" alt=\"\u2705\" \/>\u00a0CONSIGLI PER I PERNOTTAMENTI<\/strong><\/div>\n<div>La piattaforma booking \u00e8 l\u2019ideale per trovare la sistemazione ideale per ciascuna esigenza<\/div>\n<div>https:\/\/www.booking.com\/<\/div>\n<div>NB Ricordati di attivare l\u2019opzione cancellazione gratuita, in modo da non incorrere in penali qualora<\/div>\n<div class=\"o9v6fnle cxmmr5t8 oygrvhab hcukyx3x c1et5uql\">\n<hr \/>\n<\/div>\n<p><b>Per info e contatti:<\/b><\/p>\n<p>Marco Lecchi 393 9242473 &#8211; marco@digitalcameraschool.it<\/p>\n","protected":false},"excerpt":{"rendered":"<p data-start=\"40\" data-end=\"152\"><span class=\"relative -mx-px my-[-0.2rem] rounded px-px py-[0.2rem] transition-colors duration-100 ease-in-out\">Partecipa a un&#8217;esperienza fotografica unica nel cuore del Veneto! Sabato 11 aprile<\/span><span class=\"relative -mx-px my-[-0.2rem] rounded px-px py-[0.2rem] transition-colors duration-100 ease-in-out\">, la Digital Camera School ti invita a una passeggiata fotografica immersiva tra i colori e le suggestioni del Parco Giardino Sigurt\u00e0 e del borgo di Borghetto sul Mincio.<\/span><\/p>\n<h3 data-start=\"154\" data-end=\"207\">\ud83c\udf37 Parco Giardino Sigurt\u00e0: un capolavoro naturale<\/h3>\n<p data-start=\"209\" data-end=\"365\"><span class=\"relative -mx-px my-[-0.2rem] rounded px-px py-[0.2rem] transition-colors duration-100 ease-in-out\">Considerato uno dei parchi pi\u00f9 belli d&#8217;Europa, il Parco Giardino Sigurt\u00e0 si estende per 60 ettari di meraviglie botaniche.<\/span> <span class=\"relative -mx-px my-[-0.2rem] rounded px-px py-[0.2rem] transition-colors duration-100 ease-in-out\">In questo periodo, il parco offre un tripudio di colori grazie alla fioritura dei tulipani, con oltre un milione di esemplari in fiore.<\/span> <span class=\"relative -mx-px my-[-0.2rem] rounded px-px py-[0.2rem] transition-colors duration-100 ease-in-out\">Tra le attrazioni principali.<\/span><\/p>\n<ul data-start=\"367\" data-end=\"573\">\n<li data-start=\"367\" data-end=\"408\">\n<p data-start=\"369\" data-end=\"408\"><span class=\"relative -mx-px my-[-0.2rem] rounded px-px py-[0.2rem] transition-colors duration-100 ease-in-out\">Il Viale delle Rose, lungo un chilometro e adornato da oltre 30.000 rose rifiorenti<\/span><\/p>\n<\/li>\n<li data-start=\"409\" data-end=\"450\">\n<p data-start=\"411\" data-end=\"450\"><span class=\"relative -mx-px my-[-0.2rem] rounded px-px py-[0.2rem] transition-colors duration-100 ease-in-out\">Il labirinto verde, inaugurato nel 2011<\/span><\/p>\n<\/li>\n<li data-start=\"451\" data-end=\"492\">\n<p data-start=\"453\" data-end=\"492\"><span class=\"relative -mx-px my-[-0.2rem] rounded px-px py-[0.2rem] transition-colors duration-100 ease-in-out\">Specchi d&#8217;acqua con ninfee, fiori di loto e giacinti d&#8217;acqua<\/span><\/p>\n<\/li>\n<li data-start=\"493\" data-end=\"573\">\n<p data-start=\"495\" data-end=\"573\"><span class=\"relative -mx-px my-[-0.2rem] rounded px-px py-[0.2rem] transition-colors duration-100 ease-in-out\">La grande quercia secolare e l&#8217;eremo neogotico.<\/span><\/p>\n<\/li>\n<\/ul>\n<p data-start=\"575\" data-end=\"653\"><span class=\"relative -mx-px my-[-0.2rem] rounded px-px py-[0.2rem] transition-colors duration-100 ease-in-out\">Questi scenari offrono spunti ideali per fotografie naturalistiche e paesaggistiche di grande impatto.<\/span><\/p>\n<h3 data-start=\"655\" data-end=\"714\">\ud83d\udcf8 Valeggio sul Mincio: tra storia e paesaggi incantati<\/h3>\n<p data-start=\"716\" data-end=\"834\"><span class=\"relative -mx-px my-[-0.2rem] rounded px-px py-[0.2rem] transition-colors duration-100 ease-in-out\">Nel pomeriggio, il workshop prosegue nel pittoresco borgo di Borghetto sul Mincio.<\/span> <span class=\"relative -mx-px my-[-0.2rem] rounded px-px py-[0.2rem] transition-colors duration-100 ease-in-out\">Qui, potrai immortalare.<\/span><\/p>\n<ul data-start=\"836\" data-end=\"1000\">\n<li data-start=\"836\" data-end=\"877\">\n<p data-start=\"838\" data-end=\"877\"><span class=\"relative -mx-px my-[-0.2rem] rounded px-px py-[0.2rem] transition-colors duration-100 ease-in-out\">Il suggestivo Ponte Visconteo, risalente al XIV secolo<\/span><\/p>\n<\/li>\n<li data-start=\"878\" data-end=\"919\">\n<p data-start=\"880\" data-end=\"919\"><span class=\"relative -mx-px my-[-0.2rem] rounded px-px py-[0.2rem] transition-colors duration-100 ease-in-out\">Il Castello Scaligero, che domina il paesaggio circostante<\/span><\/p>\n<\/li>\n<li data-start=\"920\" data-end=\"1000\">\n<p data-start=\"922\" data-end=\"1000\"><span class=\"relative -mx-px my-[-0.2rem] rounded px-px py-[0.2rem] transition-colors duration-100 ease-in-out\">Le acque tranquille del fiume Mincio e i mulini storici.<\/span><\/p>\n<\/li>\n<\/ul>\n<p data-start=\"1002\" data-end=\"1080\"><span class=\"relative -mx-px my-[-0.2rem] rounded px-px py-[0.2rem] transition-colors duration-100 ease-in-out\">Un&#8217;occasione per esplorare e fotografare scorci unici, tra architetture medievali e natura rigogliosa.<\/span><\/p>\n<p data-start=\"1394\" data-end=\"1472\"><span class=\"relative -mx-px my-[-0.2rem] rounded px-px py-...\n<\/p>\n","protected":false},"featured_media":41156,"template":"","meta":{"pmpro_default_level":""},"product_brand":[],"product_cat":[167,110],"product_tag":[],"class_list":{"0":"post-41096","1":"product","2":"type-product","3":"status-publish","4":"has-post-thumbnail","6":"product_cat-corsi","7":"product_cat-workshop","8":"pmpro-has-access","10":"first","11":"outofstock","12":"virtual","13":"taxable","14":"purchasable","15":"product-type-simple"},"acf":[],"yoast_head":"<!-- This site is optimized with the Yoast SEO plugin v27.3 - https:\/\/yoast.com\/product\/yoast-seo-wordpress\/ -->\n<title>Parco Sigurt\u00e0 e Valeggio sul Mincio  Sabato 11 aprile (SOLD-OUT) - Digital Camera School - Corsi di fotografia<\/title>\n<meta name=\"robots\" content=\"index, follow, max-snippet:-1, max-image-preview:large, max-video-preview:-1\" \/>\n<link rel=\"canonical\" href=\"https:\/\/www.digitalcameraschool.it\/home\/prodotto\/parco-sigurta-e-valeggio-sul-mincio-sabato-18-aprile\/\" \/>\n<meta property=\"og:locale\" content=\"it_IT\" \/>\n<meta property=\"og:type\" content=\"article\" \/>\n<meta property=\"og:title\" content=\"Parco Sigurt\u00e0 e Valeggio sul Mincio  Sabato 11 aprile (SOLD-OUT) - Digital Camera School - Corsi di fotografia\" \/>\n<meta property=\"og:description\" content=\"Partecipa a un&#039;esperienza fotografica unica nel cuore del Veneto! Sabato 11 aprile, la Digital Camera School ti invita a una passeggiata fotografica immersiva tra i colori e le suggestioni del Parco Giardino Sigurt\u00e0 e del borgo di Borghetto sul Mincio.  \ud83c\udf37 Parco Giardino Sigurt\u00e0: un capolavoro naturale Considerato uno dei parchi pi\u00f9 belli d&#039;Europa, il Parco Giardino Sigurt\u00e0 si estende per 60 ettari di meraviglie botaniche. In questo periodo, il parco offre un tripudio di colori grazie alla fioritura dei tulipani, con oltre un milione di esemplari in fiore. Tra le attrazioni principali.     Il Viale delle Rose, lungo un chilometro e adornato da oltre 30.000 rose rifiorenti    Il labirinto verde, inaugurato nel 2011    Specchi d&#039;acqua con ninfee, fiori di loto e giacinti d&#039;acqua    La grande quercia secolare e l&#039;eremo neogotico.   Questi scenari offrono spunti ideali per fotografie naturalistiche e paesaggistiche di grande impatto.  \ud83d\udcf8 Valeggio sul Mincio: tra storia e paesaggi incantati Nel pomeriggio, il workshop prosegue nel pittoresco borgo di Borghetto sul Mincio. Qui, potrai immortalare.     Il suggestivo Ponte Visconteo, risalente al XIV secolo    Il Castello Scaligero, che domina il paesaggio circostante    Le acque tranquille del fiume Mincio e i mulini storici.   Un&#039;occasione per esplorare e fotografare scorci unici, tra architetture medievali e natura rigogliosa.\" \/>\n<meta property=\"og:url\" content=\"https:\/\/www.digitalcameraschool.it\/home\/prodotto\/parco-sigurta-e-valeggio-sul-mincio-sabato-18-aprile\/\" \/>\n<meta property=\"og:site_name\" content=\"Digital Camera School - Corsi di fotografia\" \/>\n<meta property=\"article:publisher\" content=\"https:\/\/www.facebook.com\/digitalcameraschool\" \/>\n<meta property=\"article:modified_time\" content=\"2026-03-24T07:53:08+00:00\" \/>\n<meta property=\"og:image\" content=\"https:\/\/www.digitalcameraschool.it\/home\/wp-content\/uploads\/2025\/06\/427-2-scaled.jpg\" \/>\n\t<meta property=\"og:image:width\" content=\"2560\" \/>\n\t<meta property=\"og:image:height\" content=\"2560\" \/>\n\t<meta property=\"og:image:type\" content=\"image\/jpeg\" \/>\n<meta name=\"twitter:card\" content=\"summary_large_image\" \/>\n<meta name=\"twitter:label1\" content=\"Tempo di lettura stimato\" \/>\n\t<meta name=\"twitter:data1\" content=\"4 minuti\" \/>\n<script type=\"application\/ld+json\" class=\"yoast-schema-graph\">{\"@context\":\"https:\\\/\\\/schema.org\",\"@graph\":[{\"@type\":\"WebPage\",\"@id\":\"https:\\\/\\\/www.digitalcameraschool.it\\\/home\\\/prodotto\\\/parco-sigurta-e-valeggio-sul-mincio-sabato-18-aprile\\\/\",\"url\":\"https:\\\/\\\/www.digitalcameraschool.it\\\/home\\\/prodotto\\\/parco-sigurta-e-valeggio-sul-mincio-sabato-18-aprile\\\/\",\"name\":\"Parco Sigurt\u00e0 e Valeggio sul Mincio Sabato 11 aprile (SOLD-OUT) - Digital Camera School - Corsi di fotografia\",\"isPartOf\":{\"@id\":\"https:\\\/\\\/www.digitalcameraschool.it\\\/home\\\/#website\"},\"primaryImageOfPage\":{\"@id\":\"https:\\\/\\\/www.digitalcameraschool.it\\\/home\\\/prodotto\\\/parco-sigurta-e-valeggio-sul-mincio-sabato-18-aprile\\\/#primaryimage\"},\"image\":{\"@id\":\"https:\\\/\\\/www.digitalcameraschool.it\\\/home\\\/prodotto\\\/parco-sigurta-e-valeggio-sul-mincio-sabato-18-aprile\\\/#primaryimage\"},\"thumbnailUrl\":\"https:\\\/\\\/www.digitalcameraschool.it\\\/home\\\/wp-content\\\/uploads\\\/2025\\\/06\\\/427-2-scaled.jpg\",\"datePublished\":\"2025-06-16T07:59:27+00:00\",\"dateModified\":\"2026-03-24T07:53:08+00:00\",\"breadcrumb\":{\"@id\":\"https:\\\/\\\/www.digitalcameraschool.it\\\/home\\\/prodotto\\\/parco-sigurta-e-valeggio-sul-mincio-sabato-18-aprile\\\/#breadcrumb\"},\"inLanguage\":\"it-IT\",\"potentialAction\":[{\"@type\":\"ReadAction\",\"target\":[\"https:\\\/\\\/www.digitalcameraschool.it\\\/home\\\/prodotto\\\/parco-sigurta-e-valeggio-sul-mincio-sabato-18-aprile\\\/\"]}]},{\"@type\":\"ImageObject\",\"inLanguage\":\"it-IT\",\"@id\":\"https:\\\/\\\/www.digitalcameraschool.it\\\/home\\\/prodotto\\\/parco-sigurta-e-valeggio-sul-mincio-sabato-18-aprile\\\/#primaryimage\",\"url\":\"https:\\\/\\\/www.digitalcameraschool.it\\\/home\\\/wp-content\\\/uploads\\\/2025\\\/06\\\/427-2-scaled.jpg\",\"contentUrl\":\"https:\\\/\\\/www.digitalcameraschool.it\\\/home\\\/wp-content\\\/uploads\\\/2025\\\/06\\\/427-2-scaled.jpg\",\"width\":2560,\"height\":2560},{\"@type\":\"BreadcrumbList\",\"@id\":\"https:\\\/\\\/www.digitalcameraschool.it\\\/home\\\/prodotto\\\/parco-sigurta-e-valeggio-sul-mincio-sabato-18-aprile\\\/#breadcrumb\",\"itemListElement\":[{\"@type\":\"ListItem\",\"position\":1,\"name\":\"Home\",\"item\":\"https:\\\/\\\/www.digitalcameraschool.it\\\/home\\\/\"},{\"@type\":\"ListItem\",\"position\":2,\"name\":\"Shop\",\"item\":\"https:\\\/\\\/www.digitalcameraschool.it\\\/home\\\/shop\\\/\"},{\"@type\":\"ListItem\",\"position\":3,\"name\":\"Parco Sigurt\u00e0 e Valeggio sul Mincio Sabato 11 aprile (SOLD-OUT)\"}]},{\"@type\":\"WebSite\",\"@id\":\"https:\\\/\\\/www.digitalcameraschool.it\\\/home\\\/#website\",\"url\":\"https:\\\/\\\/www.digitalcameraschool.it\\\/home\\\/\",\"name\":\"Digital Camera School - Corsi di fotografia\",\"description\":\"Corsi, workshop, viaggi e molto altro!\",\"publisher\":{\"@id\":\"https:\\\/\\\/www.digitalcameraschool.it\\\/home\\\/#organization\"},\"potentialAction\":[{\"@type\":\"SearchAction\",\"target\":{\"@type\":\"EntryPoint\",\"urlTemplate\":\"https:\\\/\\\/www.digitalcameraschool.it\\\/home\\\/?s={search_term_string}\"},\"query-input\":{\"@type\":\"PropertyValueSpecification\",\"valueRequired\":true,\"valueName\":\"search_term_string\"}}],\"inLanguage\":\"it-IT\"},{\"@type\":\"Organization\",\"@id\":\"https:\\\/\\\/www.digitalcameraschool.it\\\/home\\\/#organization\",\"name\":\"Digital Camera School\",\"url\":\"https:\\\/\\\/www.digitalcameraschool.it\\\/home\\\/\",\"logo\":{\"@type\":\"ImageObject\",\"inLanguage\":\"it-IT\",\"@id\":\"https:\\\/\\\/www.digitalcameraschool.it\\\/home\\\/#\\\/schema\\\/logo\\\/image\\\/\",\"url\":\"https:\\\/\\\/www.digitalcameraschool.it\\\/home\\\/wp-content\\\/uploads\\\/2022\\\/05\\\/logo-rotondo-dcs.png\",\"contentUrl\":\"https:\\\/\\\/www.digitalcameraschool.it\\\/home\\\/wp-content\\\/uploads\\\/2022\\\/05\\\/logo-rotondo-dcs.png\",\"width\":500,\"height\":500,\"caption\":\"Digital Camera School\"},\"image\":{\"@id\":\"https:\\\/\\\/www.digitalcameraschool.it\\\/home\\\/#\\\/schema\\\/logo\\\/image\\\/\"},\"sameAs\":[\"https:\\\/\\\/www.facebook.com\\\/digitalcameraschool\",\"https:\\\/\\\/www.instagram.com\\\/digital_camera_school\\\/\",\"https:\\\/\\\/www.youtube.com\\\/c\\\/digitalcameraschool_tv\"]}]}<\/script>\n<!-- \/ Yoast SEO plugin. -->","yoast_head_json":{"title":"Parco Sigurt\u00e0 e Valeggio sul Mincio  Sabato 11 aprile (SOLD-OUT) - Digital Camera School - Corsi di fotografia","robots":{"index":"index","follow":"follow","max-snippet":"max-snippet:-1","max-image-preview":"max-image-preview:large","max-video-preview":"max-video-preview:-1"},"canonical":"https:\/\/www.digitalcameraschool.it\/home\/prodotto\/parco-sigurta-e-valeggio-sul-mincio-sabato-18-aprile\/","og_locale":"it_IT","og_type":"article","og_title":"Parco Sigurt\u00e0 e Valeggio sul Mincio  Sabato 11 aprile (SOLD-OUT) - Digital Camera School - Corsi di fotografia","og_description":"Partecipa a un'esperienza fotografica unica nel cuore del Veneto! Sabato 11 aprile, la Digital Camera School ti invita a una passeggiata fotografica immersiva tra i colori e le suggestioni del Parco Giardino Sigurt\u00e0 e del borgo di Borghetto sul Mincio.  \ud83c\udf37 Parco Giardino Sigurt\u00e0: un capolavoro naturale Considerato uno dei parchi pi\u00f9 belli d'Europa, il Parco Giardino Sigurt\u00e0 si estende per 60 ettari di meraviglie botaniche. In questo periodo, il parco offre un tripudio di colori grazie alla fioritura dei tulipani, con oltre un milione di esemplari in fiore. Tra le attrazioni principali.     Il Viale delle Rose, lungo un chilometro e adornato da oltre 30.000 rose rifiorenti    Il labirinto verde, inaugurato nel 2011    Specchi d'acqua con ninfee, fiori di loto e giacinti d'acqua    La grande quercia secolare e l'eremo neogotico.   Questi scenari offrono spunti ideali per fotografie naturalistiche e paesaggistiche di grande impatto.  \ud83d\udcf8 Valeggio sul Mincio: tra storia e paesaggi incantati Nel pomeriggio, il workshop prosegue nel pittoresco borgo di Borghetto sul Mincio. Qui, potrai immortalare.     Il suggestivo Ponte Visconteo, risalente al XIV secolo    Il Castello Scaligero, che domina il paesaggio circostante    Le acque tranquille del fiume Mincio e i mulini storici.   Un'occasione per esplorare e fotografare scorci unici, tra architetture medievali e natura rigogliosa.","og_url":"https:\/\/www.digitalcameraschool.it\/home\/prodotto\/parco-sigurta-e-valeggio-sul-mincio-sabato-18-aprile\/","og_site_name":"Digital Camera School - Corsi di fotografia","article_publisher":"https:\/\/www.facebook.com\/digitalcameraschool","article_modified_time":"2026-03-24T07:53:08+00:00","og_image":[{"width":2560,"height":2560,"url":"https:\/\/www.digitalcameraschool.it\/home\/wp-content\/uploads\/2025\/06\/427-2-scaled.jpg","type":"image\/jpeg"}],"twitter_card":"summary_large_image","twitter_misc":{"Tempo di lettura stimato":"4 minuti"},"schema":{"@context":"https:\/\/schema.org","@graph":[{"@type":"WebPage","@id":"https:\/\/www.digitalcameraschool.it\/home\/prodotto\/parco-sigurta-e-valeggio-sul-mincio-sabato-18-aprile\/","url":"https:\/\/www.digitalcameraschool.it\/home\/prodotto\/parco-sigurta-e-valeggio-sul-mincio-sabato-18-aprile\/","name":"Parco Sigurt\u00e0 e Valeggio sul Mincio Sabato 11 aprile (SOLD-OUT) - Digital Camera School - Corsi di fotografia","isPartOf":{"@id":"https:\/\/www.digitalcameraschool.it\/home\/#website"},"primaryImageOfPage":{"@id":"https:\/\/www.digitalcameraschool.it\/home\/prodotto\/parco-sigurta-e-valeggio-sul-mincio-sabato-18-aprile\/#primaryimage"},"image":{"@id":"https:\/\/www.digitalcameraschool.it\/home\/prodotto\/parco-sigurta-e-valeggio-sul-mincio-sabato-18-aprile\/#primaryimage"},"thumbnailUrl":"https:\/\/www.digitalcameraschool.it\/home\/wp-content\/uploads\/2025\/06\/427-2-scaled.jpg","datePublished":"2025-06-16T07:59:27+00:00","dateModified":"2026-03-24T07:53:08+00:00","breadcrumb":{"@id":"https:\/\/www.digitalcameraschool.it\/home\/prodotto\/parco-sigurta-e-valeggio-sul-mincio-sabato-18-aprile\/#breadcrumb"},"inLanguage":"it-IT","potentialAction":[{"@type":"ReadAction","target":["https:\/\/www.digitalcameraschool.it\/home\/prodotto\/parco-sigurta-e-valeggio-sul-mincio-sabato-18-aprile\/"]}]},{"@type":"ImageObject","inLanguage":"it-IT","@id":"https:\/\/www.digitalcameraschool.it\/home\/prodotto\/parco-sigurta-e-valeggio-sul-mincio-sabato-18-aprile\/#primaryimage","url":"https:\/\/www.digitalcameraschool.it\/home\/wp-content\/uploads\/2025\/06\/427-2-scaled.jpg","contentUrl":"https:\/\/www.digitalcameraschool.it\/home\/wp-content\/uploads\/2025\/06\/427-2-scaled.jpg","width":2560,"height":2560},{"@type":"BreadcrumbList","@id":"https:\/\/www.digitalcameraschool.it\/home\/prodotto\/parco-sigurta-e-valeggio-sul-mincio-sabato-18-aprile\/#breadcrumb","itemListElement":[{"@type":"ListItem","position":1,"name":"Home","item":"https:\/\/www.digitalcameraschool.it\/home\/"},{"@type":"ListItem","position":2,"name":"Shop","item":"https:\/\/www.digitalcameraschool.it\/home\/shop\/"},{"@type":"ListItem","position":3,"name":"Parco Sigurt\u00e0 e Valeggio sul Mincio Sabato 11 aprile (SOLD-OUT)"}]},{"@type":"WebSite","@id":"https:\/\/www.digitalcameraschool.it\/home\/#website","url":"https:\/\/www.digitalcameraschool.it\/home\/","name":"Digital Camera School - Corsi di fotografia","description":"Corsi, workshop, viaggi e molto altro!","publisher":{"@id":"https:\/\/www.digitalcameraschool.it\/home\/#organization"},"potentialAction":[{"@type":"SearchAction","target":{"@type":"EntryPoint","urlTemplate":"https:\/\/www.digitalcameraschool.it\/home\/?s={search_term_string}"},"query-input":{"@type":"PropertyValueSpecification","valueRequired":true,"valueName":"search_term_string"}}],"inLanguage":"it-IT"},{"@type":"Organization","@id":"https:\/\/www.digitalcameraschool.it\/home\/#organization","name":"Digital Camera School","url":"https:\/\/www.digitalcameraschool.it\/home\/","logo":{"@type":"ImageObject","inLanguage":"it-IT","@id":"https:\/\/www.digitalcameraschool.it\/home\/#\/schema\/logo\/image\/","url":"https:\/\/www.digitalcameraschool.it\/home\/wp-content\/uploads\/2022\/05\/logo-rotondo-dcs.png","contentUrl":"https:\/\/www.digitalcameraschool.it\/home\/wp-content\/uploads\/2022\/05\/logo-rotondo-dcs.png","width":500,"height":500,"caption":"Digital Camera School"},"image":{"@id":"https:\/\/www.digitalcameraschool.it\/home\/#\/schema\/logo\/image\/"},"sameAs":["https:\/\/www.facebook.com\/digitalcameraschool","https:\/\/www.instagram.com\/digital_camera_school\/","https:\/\/www.youtube.com\/c\/digitalcameraschool_tv"]}]}},"_links":{"self":[{"href":"https:\/\/www.digitalcameraschool.it\/home\/wp-json\/wp\/v2\/product\/41096","targetHints":{"allow":["GET"]}}],"collection":[{"href":"https:\/\/www.digitalcameraschool.it\/home\/wp-json\/wp\/v2\/product"}],"about":[{"href":"https:\/\/www.digitalcameraschool.it\/home\/wp-json\/wp\/v2\/types\/product"}],"wp:featuredmedia":[{"embeddable":true,"href":"https:\/\/www.digitalcameraschool.it\/home\/wp-json\/wp\/v2\/media\/41156"}],"wp:attachment":[{"href":"https:\/\/www.digitalcameraschool.it\/home\/wp-json\/wp\/v2\/media?parent=41096"}],"wp:term":[{"taxonomy":"product_brand","embeddable":true,"href":"https:\/\/www.digitalcameraschool.it\/home\/wp-json\/wp\/v2\/product_brand?post=41096"},{"taxonomy":"product_cat","embeddable":true,"href":"https:\/\/www.digitalcameraschool.it\/home\/wp-json\/wp\/v2\/product_cat?post=41096"},{"taxonomy":"product_tag","embeddable":true,"href":"https:\/\/www.digitalcameraschool.it\/home\/wp-json\/wp\/v2\/product_tag?post=41096"}],"curies":[{"name":"wp","href":"https:\/\/api.w.org\/{rel}","templated":true}]}}