{"id":28257,"date":"2022-11-03T08:48:52","date_gmt":"2022-11-03T07:48:52","guid":{"rendered":"https:\/\/www.digitalcameraschool.it\/home\/?post_type=product&#038;p=28257"},"modified":"2025-10-06T08:59:31","modified_gmt":"2025-10-06T06:59:31","slug":"pavia-corso-di-fotografia-intermedio-tecnico","status":"publish","type":"product","link":"https:\/\/www.digitalcameraschool.it\/home\/prodotto\/pavia-corso-di-fotografia-intermedio-tecnico\/","title":{"rendered":"PAVIA CORSO DI FOTOGRAFIA INTERMEDIO TECNICO Da luned\u00ec 02 febbraio 2026"},"content":{"rendered":"<div class=\"o9v6fnle cxmmr5t8 oygrvhab hcukyx3x c1et5uql\">\n<div class=\"o9v6fnle cxmmr5t8 oygrvhab hcukyx3x c1et5uql\">\n<p style=\"text-align: justify;\">Il naturale proseguimento alle conoscenze fotografiche di base, Il corso di fotografia avanzata o di secondo livello ha come obiettivo quello di comprendere a pieno il linguaggio fotografico per coinvolgere meglio chi guarda le nostre fotografie e comunicare efficacemente. \u00c8 rivolto a chi ha gi\u00e0 seguito un corso base o possiede gi\u00e0 le conoscenze tecniche preliminari.<\/p>\n<\/div>\n<div><\/div>\n<div>\n<div class=\"x11i5rnm xat24cr x1mh8g0r x1vvkbs xtlvy1s\"><strong>LA CREAZIONE DI UN PROGETTO<\/strong><br \/>\nGli scatti prodotti durante il corso formeranno un e-book scaricabile on-line.<b><b><b>UN RIPASSO VELOCE<br \/>\n<\/b><\/b><\/b>Tempi, Diaframmi e ISO<br \/>\nI Semiautomatismi e gli ISO in automatico<br \/>\n<b><b><b><br \/>\n<\/b><\/b><\/b><strong>LA TECNICA<\/strong><br \/>\nLa Luce e le sue caratteristiche<br \/>\nIl Tono Chiave e la Gamma Dinamica<br \/>\nIl Bracketing e l\u2019HDR<br \/>\nIntroduzione al Flash<br \/>\nLa Profondit\u00e0 di Campo e l\u2019Iperfocale<br \/>\nIl Focus Stacking<br \/>\nI Filtri Polarizzatori PL, Neutral Density ND e Graduati GNDLA<strong>COMPOSIZIONE<\/strong><br \/>\n9 Principi di composizione visti da Steve McCurry<br \/>\nIl concetto di Scala<br \/>\nLa Diagonale Disarmonica e la Diagonale Armonica<br \/>\nLa percezione del Colore e della Luminosit\u00e0<strong>USCITE<\/strong><br \/>\nIperfocale<br \/>\nBracketing<br \/>\nFocus Stacking<strong>POSTPRODUZIONE<\/strong><br \/>\nPrincipi base di postproduzione<br \/>\nHDR<br \/>\nFocus Stacking<\/div>\n<\/div>\n<\/div>\n<div class=\"o9v6fnle cxmmr5t8 oygrvhab hcukyx3x c1et5uql\">\n<div class=\"o9v6fnle cxmmr5t8 oygrvhab hcukyx3x c1et5uql\">\n<hr \/>\n<p><strong>\u2705 CALENDARIO, ORARI E SEDE<\/strong><\/p>\n<\/div>\n<div class=\"o9v6fnle cxmmr5t8 oygrvhab hcukyx3x c1et5uql\">\n<p class=\"p1\">Luned\u00ec 02 febbraio<br \/>\nLuned\u00ec 09 febbraio<br \/>\nLuned\u00ec 16 febbraio<br \/>\nLuned\u00ec 23 febbraio<br \/>\nLuned\u00ec 02 marzo<\/p>\n<p>3 Uscite: 2 diurne e una serale<br \/>\nLe uscite si decideranno in aula.<\/p>\n<p class=\"p1\">Il corso si terr\u00e0 presso la sala Brusaioli del Comune in\u00a0 Piazzale\u00a0 Torino, 40 PAVIA (sul navigatore devi impostare via Torino).<\/p>\n<p>Orari: le lezioni in aula sono dalle 20:45 alle 22:45. Mentre le uscite sono di domenica<\/p>\n<\/div>\n<\/div>\n<div class=\"o9v6fnle cxmmr5t8 oygrvhab hcukyx3x c1et5uql\">\n<div>\n<hr \/>\n<\/div>\n<\/div>\n<div><strong>\u2705 DOCENTE<\/strong><\/div>\n<div><\/div>\n<div>\n<div class=\"cxmmr5t8 oygrvhab hcukyx3x c1et5uql o9v6fnle\">Daniele Biffi<\/div>\n<\/div>\n<div class=\"o9v6fnle cxmmr5t8 oygrvhab hcukyx3x c1et5uql\">\n<div class=\"o9v6fnle cxmmr5t8 oygrvhab hcukyx3x c1et5uql\">\n<hr \/>\n<\/div>\n<p class=\"p1\">\u00a0<strong>\u2705 PREZZO DEL CORSO COMPRESO LE USCITE<\/strong><\/p>\n<p>Il prezzo del corso \u00e8 di 120,00 Euro<br \/>\noppure 90,00 se ci si iscrive in due o pi\u00f9 persone.<br \/>\noppure 80,00 Euro se hai la nostra Education Card<\/p>\n<p>La quota si pu\u00f2 versare il giorno del corso oppure qualche giorno prima con paypal\/bonifico bancario.<\/p>\n<div class=\"o9v6fnle cxmmr5t8 oygrvhab hcukyx3x c1et5uql\">\n<hr \/>\n<p><strong>\u2705 MATERIALE AGGIUNTIVO<\/strong><br \/>\n&#8211; Revisione dei compiti<br \/>\n&#8211; Dispense digitali<br \/>\n&#8211; Video propedeutici e integrativi<\/p>\n<\/div>\n<div class=\"o9v6fnle cxmmr5t8 oygrvhab hcukyx3x c1et5uql\">\n<hr \/>\n<p><strong>\u2705 PER INFORMAZIONE<\/strong><\/p>\n<p>Marco Lecchi 393 9242473 \u2013 marco@digitalcameraschool.it<\/p>\n<p><iframe loading=\"lazy\" src=\"https:\/\/docs.google.com\/forms\/d\/e\/1FAIpQLSeI_ginXVQWBjgj8v4B0yNyEsZPTPy5T82zO5gfdGz44fiSwA\/viewform?embedded=true\" width=\"640\" height=\"1184\" frameborder=\"0\" marginwidth=\"0\" marginheight=\"0\">Caricamento\u2026<\/iframe><\/p>\n<\/div>\n<\/div>\n","protected":false},"excerpt":{"rendered":"<p>Il naturale proseguimento alle conoscenze fotografiche di base, Il corso di fotografia avanzata o di secondo livello ha come obiettivo quello di comprendere a pieno il linguaggio fotografico&#8230;<\/p>\n","protected":false},"featured_media":30266,"template":"","meta":{"pmpro_default_level":""},"product_brand":[],"product_cat":[90],"product_tag":[],"class_list":{"0":"post-28257","1":"product","2":"type-product","3":"status-publish","4":"has-post-thumbnail","6":"product_cat-corsi_ii","7":"pmpro-has-access","9":"first","10":"instock","11":"virtual","12":"taxable","13":"purchasable","14":"product-type-simple"},"acf":[],"yoast_head":"<!-- This site is optimized with the Yoast SEO plugin v27.3 - https:\/\/yoast.com\/product\/yoast-seo-wordpress\/ -->\n<title>PAVIA CORSO DI FOTOGRAFIA INTERMEDIO TECNICO Da luned\u00ec 02 febbraio 2026 - Digital Camera School - Corsi di fotografia<\/title>\n<meta name=\"robots\" content=\"index, follow, max-snippet:-1, max-image-preview:large, max-video-preview:-1\" \/>\n<link rel=\"canonical\" href=\"https:\/\/www.digitalcameraschool.it\/home\/prodotto\/pavia-corso-di-fotografia-intermedio-tecnico\/\" \/>\n<meta property=\"og:locale\" content=\"it_IT\" \/>\n<meta property=\"og:type\" content=\"article\" \/>\n<meta property=\"og:title\" content=\"PAVIA CORSO DI FOTOGRAFIA INTERMEDIO TECNICO Da luned\u00ec 02 febbraio 2026 - Digital Camera School - Corsi di fotografia\" \/>\n<meta property=\"og:description\" content=\"Il naturale proseguimento alle conoscenze fotografiche di base, Il corso di fotografia avanzata o di secondo livello ha come obiettivo quello di comprendere a pieno il linguaggio fotografico...\" \/>\n<meta property=\"og:url\" content=\"https:\/\/www.digitalcameraschool.it\/home\/prodotto\/pavia-corso-di-fotografia-intermedio-tecnico\/\" \/>\n<meta property=\"og:site_name\" content=\"Digital Camera School - Corsi di fotografia\" \/>\n<meta property=\"article:publisher\" content=\"https:\/\/www.facebook.com\/digitalcameraschool\" \/>\n<meta property=\"article:modified_time\" content=\"2025-10-06T06:59:31+00:00\" \/>\n<meta property=\"og:image\" content=\"https:\/\/www.digitalcameraschool.it\/home\/wp-content\/uploads\/2022\/11\/pavia_intermedio.jpg\" \/>\n\t<meta property=\"og:image:width\" content=\"1600\" \/>\n\t<meta property=\"og:image:height\" content=\"1600\" \/>\n\t<meta property=\"og:image:type\" content=\"image\/jpeg\" \/>\n<meta name=\"twitter:card\" content=\"summary_large_image\" \/>\n<meta name=\"twitter:label1\" content=\"Tempo di lettura stimato\" \/>\n\t<meta name=\"twitter:data1\" content=\"2 minuti\" \/>\n<script type=\"application\/ld+json\" class=\"yoast-schema-graph\">{\"@context\":\"https:\\\/\\\/schema.org\",\"@graph\":[{\"@type\":\"WebPage\",\"@id\":\"https:\\\/\\\/www.digitalcameraschool.it\\\/home\\\/prodotto\\\/pavia-corso-di-fotografia-intermedio-tecnico\\\/\",\"url\":\"https:\\\/\\\/www.digitalcameraschool.it\\\/home\\\/prodotto\\\/pavia-corso-di-fotografia-intermedio-tecnico\\\/\",\"name\":\"PAVIA CORSO DI FOTOGRAFIA INTERMEDIO TECNICO Da luned\u00ec 02 febbraio 2026 - Digital Camera School - Corsi di fotografia\",\"isPartOf\":{\"@id\":\"https:\\\/\\\/www.digitalcameraschool.it\\\/home\\\/#website\"},\"primaryImageOfPage\":{\"@id\":\"https:\\\/\\\/www.digitalcameraschool.it\\\/home\\\/prodotto\\\/pavia-corso-di-fotografia-intermedio-tecnico\\\/#primaryimage\"},\"image\":{\"@id\":\"https:\\\/\\\/www.digitalcameraschool.it\\\/home\\\/prodotto\\\/pavia-corso-di-fotografia-intermedio-tecnico\\\/#primaryimage\"},\"thumbnailUrl\":\"https:\\\/\\\/www.digitalcameraschool.it\\\/home\\\/wp-content\\\/uploads\\\/2022\\\/11\\\/pavia_intermedio.jpg\",\"datePublished\":\"2022-11-03T07:48:52+00:00\",\"dateModified\":\"2025-10-06T06:59:31+00:00\",\"breadcrumb\":{\"@id\":\"https:\\\/\\\/www.digitalcameraschool.it\\\/home\\\/prodotto\\\/pavia-corso-di-fotografia-intermedio-tecnico\\\/#breadcrumb\"},\"inLanguage\":\"it-IT\",\"potentialAction\":[{\"@type\":\"ReadAction\",\"target\":[\"https:\\\/\\\/www.digitalcameraschool.it\\\/home\\\/prodotto\\\/pavia-corso-di-fotografia-intermedio-tecnico\\\/\"]}]},{\"@type\":\"ImageObject\",\"inLanguage\":\"it-IT\",\"@id\":\"https:\\\/\\\/www.digitalcameraschool.it\\\/home\\\/prodotto\\\/pavia-corso-di-fotografia-intermedio-tecnico\\\/#primaryimage\",\"url\":\"https:\\\/\\\/www.digitalcameraschool.it\\\/home\\\/wp-content\\\/uploads\\\/2022\\\/11\\\/pavia_intermedio.jpg\",\"contentUrl\":\"https:\\\/\\\/www.digitalcameraschool.it\\\/home\\\/wp-content\\\/uploads\\\/2022\\\/11\\\/pavia_intermedio.jpg\",\"width\":1600,\"height\":1600},{\"@type\":\"BreadcrumbList\",\"@id\":\"https:\\\/\\\/www.digitalcameraschool.it\\\/home\\\/prodotto\\\/pavia-corso-di-fotografia-intermedio-tecnico\\\/#breadcrumb\",\"itemListElement\":[{\"@type\":\"ListItem\",\"position\":1,\"name\":\"Home\",\"item\":\"https:\\\/\\\/www.digitalcameraschool.it\\\/home\\\/\"},{\"@type\":\"ListItem\",\"position\":2,\"name\":\"Shop\",\"item\":\"https:\\\/\\\/www.digitalcameraschool.it\\\/home\\\/shop\\\/\"},{\"@type\":\"ListItem\",\"position\":3,\"name\":\"PAVIA CORSO DI FOTOGRAFIA INTERMEDIO TECNICO Da luned\u00ec 02 febbraio 2026\"}]},{\"@type\":\"WebSite\",\"@id\":\"https:\\\/\\\/www.digitalcameraschool.it\\\/home\\\/#website\",\"url\":\"https:\\\/\\\/www.digitalcameraschool.it\\\/home\\\/\",\"name\":\"Digital Camera School - Corsi di fotografia\",\"description\":\"Corsi, workshop, viaggi e molto altro!\",\"publisher\":{\"@id\":\"https:\\\/\\\/www.digitalcameraschool.it\\\/home\\\/#organization\"},\"potentialAction\":[{\"@type\":\"SearchAction\",\"target\":{\"@type\":\"EntryPoint\",\"urlTemplate\":\"https:\\\/\\\/www.digitalcameraschool.it\\\/home\\\/?s={search_term_string}\"},\"query-input\":{\"@type\":\"PropertyValueSpecification\",\"valueRequired\":true,\"valueName\":\"search_term_string\"}}],\"inLanguage\":\"it-IT\"},{\"@type\":\"Organization\",\"@id\":\"https:\\\/\\\/www.digitalcameraschool.it\\\/home\\\/#organization\",\"name\":\"Digital Camera School\",\"url\":\"https:\\\/\\\/www.digitalcameraschool.it\\\/home\\\/\",\"logo\":{\"@type\":\"ImageObject\",\"inLanguage\":\"it-IT\",\"@id\":\"https:\\\/\\\/www.digitalcameraschool.it\\\/home\\\/#\\\/schema\\\/logo\\\/image\\\/\",\"url\":\"https:\\\/\\\/www.digitalcameraschool.it\\\/home\\\/wp-content\\\/uploads\\\/2022\\\/05\\\/logo-rotondo-dcs.png\",\"contentUrl\":\"https:\\\/\\\/www.digitalcameraschool.it\\\/home\\\/wp-content\\\/uploads\\\/2022\\\/05\\\/logo-rotondo-dcs.png\",\"width\":500,\"height\":500,\"caption\":\"Digital Camera School\"},\"image\":{\"@id\":\"https:\\\/\\\/www.digitalcameraschool.it\\\/home\\\/#\\\/schema\\\/logo\\\/image\\\/\"},\"sameAs\":[\"https:\\\/\\\/www.facebook.com\\\/digitalcameraschool\",\"https:\\\/\\\/www.instagram.com\\\/digital_camera_school\\\/\",\"https:\\\/\\\/www.youtube.com\\\/c\\\/digitalcameraschool_tv\"]}]}<\/script>\n<!-- \/ Yoast SEO plugin. -->","yoast_head_json":{"title":"PAVIA CORSO DI FOTOGRAFIA INTERMEDIO TECNICO Da luned\u00ec 02 febbraio 2026 - Digital Camera School - Corsi di fotografia","robots":{"index":"index","follow":"follow","max-snippet":"max-snippet:-1","max-image-preview":"max-image-preview:large","max-video-preview":"max-video-preview:-1"},"canonical":"https:\/\/www.digitalcameraschool.it\/home\/prodotto\/pavia-corso-di-fotografia-intermedio-tecnico\/","og_locale":"it_IT","og_type":"article","og_title":"PAVIA CORSO DI FOTOGRAFIA INTERMEDIO TECNICO Da luned\u00ec 02 febbraio 2026 - Digital Camera School - Corsi di fotografia","og_description":"Il naturale proseguimento alle conoscenze fotografiche di base, Il corso di fotografia avanzata o di secondo livello ha come obiettivo quello di comprendere a pieno il linguaggio fotografico...","og_url":"https:\/\/www.digitalcameraschool.it\/home\/prodotto\/pavia-corso-di-fotografia-intermedio-tecnico\/","og_site_name":"Digital Camera School - Corsi di fotografia","article_publisher":"https:\/\/www.facebook.com\/digitalcameraschool","article_modified_time":"2025-10-06T06:59:31+00:00","og_image":[{"width":1600,"height":1600,"url":"https:\/\/www.digitalcameraschool.it\/home\/wp-content\/uploads\/2022\/11\/pavia_intermedio.jpg","type":"image\/jpeg"}],"twitter_card":"summary_large_image","twitter_misc":{"Tempo di lettura stimato":"2 minuti"},"schema":{"@context":"https:\/\/schema.org","@graph":[{"@type":"WebPage","@id":"https:\/\/www.digitalcameraschool.it\/home\/prodotto\/pavia-corso-di-fotografia-intermedio-tecnico\/","url":"https:\/\/www.digitalcameraschool.it\/home\/prodotto\/pavia-corso-di-fotografia-intermedio-tecnico\/","name":"PAVIA CORSO DI FOTOGRAFIA INTERMEDIO TECNICO Da luned\u00ec 02 febbraio 2026 - Digital Camera School - Corsi di fotografia","isPartOf":{"@id":"https:\/\/www.digitalcameraschool.it\/home\/#website"},"primaryImageOfPage":{"@id":"https:\/\/www.digitalcameraschool.it\/home\/prodotto\/pavia-corso-di-fotografia-intermedio-tecnico\/#primaryimage"},"image":{"@id":"https:\/\/www.digitalcameraschool.it\/home\/prodotto\/pavia-corso-di-fotografia-intermedio-tecnico\/#primaryimage"},"thumbnailUrl":"https:\/\/www.digitalcameraschool.it\/home\/wp-content\/uploads\/2022\/11\/pavia_intermedio.jpg","datePublished":"2022-11-03T07:48:52+00:00","dateModified":"2025-10-06T06:59:31+00:00","breadcrumb":{"@id":"https:\/\/www.digitalcameraschool.it\/home\/prodotto\/pavia-corso-di-fotografia-intermedio-tecnico\/#breadcrumb"},"inLanguage":"it-IT","potentialAction":[{"@type":"ReadAction","target":["https:\/\/www.digitalcameraschool.it\/home\/prodotto\/pavia-corso-di-fotografia-intermedio-tecnico\/"]}]},{"@type":"ImageObject","inLanguage":"it-IT","@id":"https:\/\/www.digitalcameraschool.it\/home\/prodotto\/pavia-corso-di-fotografia-intermedio-tecnico\/#primaryimage","url":"https:\/\/www.digitalcameraschool.it\/home\/wp-content\/uploads\/2022\/11\/pavia_intermedio.jpg","contentUrl":"https:\/\/www.digitalcameraschool.it\/home\/wp-content\/uploads\/2022\/11\/pavia_intermedio.jpg","width":1600,"height":1600},{"@type":"BreadcrumbList","@id":"https:\/\/www.digitalcameraschool.it\/home\/prodotto\/pavia-corso-di-fotografia-intermedio-tecnico\/#breadcrumb","itemListElement":[{"@type":"ListItem","position":1,"name":"Home","item":"https:\/\/www.digitalcameraschool.it\/home\/"},{"@type":"ListItem","position":2,"name":"Shop","item":"https:\/\/www.digitalcameraschool.it\/home\/shop\/"},{"@type":"ListItem","position":3,"name":"PAVIA CORSO DI FOTOGRAFIA INTERMEDIO TECNICO Da luned\u00ec 02 febbraio 2026"}]},{"@type":"WebSite","@id":"https:\/\/www.digitalcameraschool.it\/home\/#website","url":"https:\/\/www.digitalcameraschool.it\/home\/","name":"Digital Camera School - Corsi di fotografia","description":"Corsi, workshop, viaggi e molto altro!","publisher":{"@id":"https:\/\/www.digitalcameraschool.it\/home\/#organization"},"potentialAction":[{"@type":"SearchAction","target":{"@type":"EntryPoint","urlTemplate":"https:\/\/www.digitalcameraschool.it\/home\/?s={search_term_string}"},"query-input":{"@type":"PropertyValueSpecification","valueRequired":true,"valueName":"search_term_string"}}],"inLanguage":"it-IT"},{"@type":"Organization","@id":"https:\/\/www.digitalcameraschool.it\/home\/#organization","name":"Digital Camera School","url":"https:\/\/www.digitalcameraschool.it\/home\/","logo":{"@type":"ImageObject","inLanguage":"it-IT","@id":"https:\/\/www.digitalcameraschool.it\/home\/#\/schema\/logo\/image\/","url":"https:\/\/www.digitalcameraschool.it\/home\/wp-content\/uploads\/2022\/05\/logo-rotondo-dcs.png","contentUrl":"https:\/\/www.digitalcameraschool.it\/home\/wp-content\/uploads\/2022\/05\/logo-rotondo-dcs.png","width":500,"height":500,"caption":"Digital Camera School"},"image":{"@id":"https:\/\/www.digitalcameraschool.it\/home\/#\/schema\/logo\/image\/"},"sameAs":["https:\/\/www.facebook.com\/digitalcameraschool","https:\/\/www.instagram.com\/digital_camera_school\/","https:\/\/www.youtube.com\/c\/digitalcameraschool_tv"]}]}},"_links":{"self":[{"href":"https:\/\/www.digitalcameraschool.it\/home\/wp-json\/wp\/v2\/product\/28257","targetHints":{"allow":["GET"]}}],"collection":[{"href":"https:\/\/www.digitalcameraschool.it\/home\/wp-json\/wp\/v2\/product"}],"about":[{"href":"https:\/\/www.digitalcameraschool.it\/home\/wp-json\/wp\/v2\/types\/product"}],"wp:featuredmedia":[{"embeddable":true,"href":"https:\/\/www.digitalcameraschool.it\/home\/wp-json\/wp\/v2\/media\/30266"}],"wp:attachment":[{"href":"https:\/\/www.digitalcameraschool.it\/home\/wp-json\/wp\/v2\/media?parent=28257"}],"wp:term":[{"taxonomy":"product_brand","embeddable":true,"href":"https:\/\/www.digitalcameraschool.it\/home\/wp-json\/wp\/v2\/product_brand?post=28257"},{"taxonomy":"product_cat","embeddable":true,"href":"https:\/\/www.digitalcameraschool.it\/home\/wp-json\/wp\/v2\/product_cat?post=28257"},{"taxonomy":"product_tag","embeddable":true,"href":"https:\/\/www.digitalcameraschool.it\/home\/wp-json\/wp\/v2\/product_tag?post=28257"}],"curies":[{"name":"wp","href":"https:\/\/api.w.org\/{rel}","templated":true}]}}